{"id":245,"date":"2023-03-20T12:34:27","date_gmt":"2023-03-20T12:34:27","guid":{"rendered":"https:\/\/tierschutzstiftung-boesche.de\/?page_id=245"},"modified":"2023-03-21T05:45:59","modified_gmt":"2023-03-21T05:45:59","slug":"universitaet-marburg-forschungsprojekt-kolkrabe","status":"publish","type":"page","link":"https:\/\/tierschutzstiftung-boesche.de\/?page_id=245","title":{"rendered":"Universit\u00e4t Marburg: Forschungsprojekt Kolkrabe"},"content":{"rendered":"<p><b>Eine ehemals ausgerottete Gro\u00dfvogelart kehrt zur\u00fcck: Der Kolkrabe (Corvus corax)<\/b><\/p>\n\n<style>.kb-row-layout-id_da7385-c0 > .kt-row-column-wrap{align-content:start;}:where(.kb-row-layout-id_da7385-c0 > .kt-row-column-wrap) > .wp-block-kadence-column{justify-content:start;}.kb-row-layout-id_da7385-c0 > .kt-row-column-wrap{column-gap:var(--global-kb-gap-md, 2rem);row-gap:var(--global-kb-gap-md, 2rem);padding-top:var(--global-kb-spacing-sm, 1.5rem);padding-bottom:var(--global-kb-spacing-sm, 1.5rem);grid-template-columns:minmax(0, calc(30% - ((var(--global-kb-gap-md, 2rem) * 1 )\/2)))minmax(0, calc(70% - ((var(--global-kb-gap-md, 2rem) * 1 )\/2)));}.kb-row-layout-id_da7385-c0 > .kt-row-layout-overlay{opacity:0.30;}@media all and (max-width: 1024px){.kb-row-layout-id_da7385-c0 > .kt-row-column-wrap{grid-template-columns:repeat(2, minmax(0, 1fr));}}@media all and (max-width: 767px){.kb-row-layout-id_da7385-c0 > .kt-row-column-wrap{grid-template-columns:minmax(0, 1fr);}}<\/style><div class=\"kb-row-layout-wrap kb-row-layout-id_da7385-c0 alignnone wp-block-kadence-rowlayout\"><div class=\"kt-row-column-wrap kt-has-2-columns kt-row-layout-right-golden kt-tab-layout-inherit kt-mobile-layout-row kt-row-valign-top\">\n<style>.kadence-column_0514a3-e5 > .kt-inside-inner-col,.kadence-column_0514a3-e5 > .kt-inside-inner-col:before{border-top-left-radius:0px;border-top-right-radius:0px;border-bottom-right-radius:0px;border-bottom-left-radius:0px;}.kadence-column_0514a3-e5 > .kt-inside-inner-col{column-gap:var(--global-kb-gap-sm, 1rem);}.kadence-column_0514a3-e5 > .kt-inside-inner-col{flex-direction:column;}.kadence-column_0514a3-e5 > .kt-inside-inner-col > .aligncenter{width:100%;}.kadence-column_0514a3-e5 > .kt-inside-inner-col:before{opacity:0.3;}.kadence-column_0514a3-e5{position:relative;}@media all and (max-width: 1024px){.kadence-column_0514a3-e5 > .kt-inside-inner-col{flex-direction:column;}}@media all and (max-width: 767px){.kadence-column_0514a3-e5 > .kt-inside-inner-col{flex-direction:column;}}<\/style>\n<div class=\"wp-block-kadence-column kadence-column_0514a3-e5\"><div class=\"kt-inside-inner-col\"><div class=\"wp-block-image\">\n<figure class=\"aligncenter size-full\"><img data-recalc-dims=\"1\" loading=\"lazy\" decoding=\"async\" width=\"229\" height=\"300\" src=\"https:\/\/i0.wp.com\/tierschutzstiftung-boesche.de\/wp-content\/uploads\/2023\/03\/karte_wiederbesiedelung_hessen-229x300-1.jpg?resize=229%2C300&#038;ssl=1\" alt=\"\" class=\"wp-image-248\"\/><figcaption class=\"wp-element-caption\">Wiederbesiedelung Hessen<\/figcaption><\/figure><\/div><\/div><\/div>\n\n\n<style>.kadence-column_6d2b12-c7 > .kt-inside-inner-col,.kadence-column_6d2b12-c7 > .kt-inside-inner-col:before{border-top-left-radius:0px;border-top-right-radius:0px;border-bottom-right-radius:0px;border-bottom-left-radius:0px;}.kadence-column_6d2b12-c7 > .kt-inside-inner-col{column-gap:var(--global-kb-gap-sm, 1rem);}.kadence-column_6d2b12-c7 > .kt-inside-inner-col{flex-direction:column;}.kadence-column_6d2b12-c7 > .kt-inside-inner-col > .aligncenter{width:100%;}.kadence-column_6d2b12-c7 > .kt-inside-inner-col:before{opacity:0.3;}.kadence-column_6d2b12-c7{position:relative;}@media all and (max-width: 1024px){.kadence-column_6d2b12-c7 > .kt-inside-inner-col{flex-direction:column;}}@media all and (max-width: 767px){.kadence-column_6d2b12-c7 > .kt-inside-inner-col{flex-direction:column;}}<\/style>\n<div class=\"wp-block-kadence-column kadence-column_6d2b12-c7\"><div class=\"kt-inside-inner-col\">\n<p>Tausendfach vergiftet, abgeschossen oder erschlagen, schreiben viele Rabenvogelarten in Europa eine \u201eschwarze Geschichte\u201c. Auch der gr\u00f6\u00dfte heimische Singvogel, der Kolkrabe (Corvus corax), erlitt in Europa massive Bestandseinbr\u00fcche und wurde schlie\u00dflich gro\u00dffl\u00e4chig ausgerottet.<\/p>\n<p>In den Niederlanden beispielsweise, setzte um 1900 ein starker R\u00fcckgang ein, welcher zum vollst\u00e4ndigen Verschwinden der Art im Jahre 1927 f\u00fchrte. In Belgien br\u00fctete er letztmals 1919 und in Luxemburg verschwand er schon Ausgang des 18. Jahrhunderts.<\/p>\n<p>In Deutschland kamen Raben einst in allen gr\u00f6\u00dferen Waldgebieten als Brutvogel vor.<\/p>\n<p>Mitte des 18. Jahrhunderts war ein Absinken der Bestandsgr\u00f6\u00dfen zu verzeichnen. Um die Jahrhundertwende fehlte der Rabe bereits in Baden-W\u00fcrttemberg, Hamburg, in der Pfalz, in Sachsen, Schlesien, Th\u00fcringen und Westfalen als Brutvogel.<\/p>\n<\/div><\/div>\n\n<\/div><\/div>\n\n<p>Letzte Refugien lagen im norddeutschen Raum, in Polen sowie in entlegenen T\u00e4lern der Alpenregion. Erst nach Beendigung der aggressiven Verfolgung durch den Menschen und anf\u00e4ngliche Schutzbem\u00fchungen expandierte der Kolkrabe wieder in Richtung seiner ehemaligen und angestammten Verbreitungsgebiete. Die Wiederbesiedlung wurde gen\u00e4hrt von den Teilpopulationen der R\u00fcckzugsgebiete.<\/p>\n<p>Obwohl der Kolkrabe bereits seit einigen Jahrzehnten wieder in der Ausbreitung begriffen ist, ist bis dato noch nicht das gesamte ehemalige Verbreitungsgebiet wiederbesiedelt. In einigen deutschen Bundesl\u00e4ndern (Schleswig-Holstein, Mecklenburg Vorpommern) ist er jedoch wieder nahezu fl\u00e4chendeckend als Brutvogel vertreten. Heute k\u00f6nnen in weiten Teilen Mitteleuropas wieder Kolkraben beobachtet werden und der einst h\u00e4ufige Gro\u00dfvogel bereichert wieder die heimische Fauna.<\/p>\n<p>Mit seinem Schicksal steht der Kolkrabe beispielhaft f\u00fcr mehrere europ\u00e4ische Gro\u00dftierarten wie etwa dem Schwarzstorch, dem Luchs oder dem Wolf. W\u00e4hrend viel Arten in Mitteleuropa in ihren Populationen gef\u00e4hrdet sind, schaffen es einige ehemals ausgerottete Arten aufgrund von Schutzbem\u00fchungen ihre ehemaligen Areale wieder zu besiedeln. F\u00fcr k\u00fcnftige Artenschutzma\u00dfnahmen ist es wichtig, derartige Wiederbesiedlungsprozesse zu dokumentieren und zu verstehen, um k\u00fcnftige Schutzstrategien zu entwickeln und das langfristige \u00fcberleben der Arten zu gew\u00e4hrleisten.<\/p>\n<p>Der genaue Ablauf der mitteleurop\u00e4ischen Wiederbesiedlung durch den Kolkraben \u2013 ausgehend von den drei Refugialgebieten \u2013 ist nicht abschlie\u00dfend gekl\u00e4rt. Von welchen Reliktpopulationen die Kolkraben im Bereich der aktuellen Wiederbesiedlungsfront abstammen ist ebenfalls unklar. Inwiefern sich die Kolkraben genetisch unterscheiden und ggf. so genannte \u201e\u00f6kotypen\u201c (Buchenbr\u00fcter, Koniferenbr\u00fcter, Felsbr\u00fcter) ausgebildet haben, ist offen. Im Rahmen eines von der Tierschutz-Stiftung Wolfgang B\u00f6sche gef\u00f6rderten Forschungs-projektes am Fachbereich Biologie der Philipps Universit\u00e4t Marburg, Arbeitsgruppe Tier\u00f6kologie, besch\u00e4ftigt sich der Diplom- Biologe Sascha R\u00f6sner in seiner Dissertation neben den rein deskriptiven Aspekten (Kartographische Darstellung der Wiederbesiedlung) u.a. mit der genetischen Diversit\u00e4t der Kolkraben.<\/p>\n\n<style>.kb-row-layout-id_cbf0c2-c0 > .kt-row-column-wrap{align-content:start;}:where(.kb-row-layout-id_cbf0c2-c0 > .kt-row-column-wrap) > .wp-block-kadence-column{justify-content:start;}.kb-row-layout-id_cbf0c2-c0 > .kt-row-column-wrap{column-gap:var(--global-kb-gap-md, 2rem);row-gap:var(--global-kb-gap-md, 2rem);padding-top:var(--global-kb-spacing-sm, 1.5rem);padding-bottom:var(--global-kb-spacing-sm, 1.5rem);grid-template-columns:minmax(0, 2fr) minmax(0, 1fr);}.kb-row-layout-id_cbf0c2-c0 > .kt-row-layout-overlay{opacity:0.30;}@media all and (max-width: 1024px){.kb-row-layout-id_cbf0c2-c0 > .kt-row-column-wrap{grid-template-columns:repeat(2, minmax(0, 1fr));}}@media all and (max-width: 767px){.kb-row-layout-id_cbf0c2-c0 > .kt-row-column-wrap{grid-template-columns:minmax(0, 1fr);}}<\/style><div class=\"kb-row-layout-wrap kb-row-layout-id_cbf0c2-c0 alignnone wp-block-kadence-rowlayout\"><div class=\"kt-row-column-wrap kt-has-2-columns kt-row-layout-left-golden kt-tab-layout-inherit kt-mobile-layout-row kt-row-valign-top\">\n<style>.kadence-column_0bff47-ed > .kt-inside-inner-col,.kadence-column_0bff47-ed > .kt-inside-inner-col:before{border-top-left-radius:0px;border-top-right-radius:0px;border-bottom-right-radius:0px;border-bottom-left-radius:0px;}.kadence-column_0bff47-ed > .kt-inside-inner-col{column-gap:var(--global-kb-gap-sm, 1rem);}.kadence-column_0bff47-ed > .kt-inside-inner-col{flex-direction:column;}.kadence-column_0bff47-ed > .kt-inside-inner-col > .aligncenter{width:100%;}.kadence-column_0bff47-ed > .kt-inside-inner-col:before{opacity:0.3;}.kadence-column_0bff47-ed{position:relative;}@media all and (max-width: 1024px){.kadence-column_0bff47-ed > .kt-inside-inner-col{flex-direction:column;}}@media all and (max-width: 767px){.kadence-column_0bff47-ed > .kt-inside-inner-col{flex-direction:column;}}<\/style>\n<div class=\"wp-block-kadence-column kadence-column_0bff47-ed\"><div class=\"kt-inside-inner-col\">\n<p>Dabei stehen verschiedene \u00f6kologische Fragestellungen im Vordergrund:<\/p>\n<ul>\n<li>Existiert eine kryptische genetische Diversit\u00e4t der mitteleurop\u00e4ischen Kolkraben (vgl. Studien in Nordamerika) ?<\/li>\n<li>Woher stammen die Tiere, die sich derzeit in Mitteleuropa ausbreiten?<\/li>\n<li>Gibt es eine genetische \u201eVerarmung\u201c durch die lokalen Ausrottungen (ggf. historische Daten aus Sammlungen, Museen)?<\/li>\n<li>Verlief die Wiederbesiedlung zun\u00e4chst \u00fcber gro\u00dfe geschlossene Waldregionen (Kartenmaterial)?<\/li>\n<li>Wie wird sich die weitere Bestandssituation der mitteleurop\u00e4ischen Kolkraben weiterentwickeln (computerbasierte Modellierung)?<\/li>\n<li>Welche R\u00fcckschl\u00fcsse k\u00f6nnen auf die Wiederbesiedlungs- und Etablierungsprozesse anderer Arten gezogen werden?<\/li>\n<\/ul>\n<\/div><\/div>\n\n\n<style>.kadence-column_72cac3-bf > .kt-inside-inner-col,.kadence-column_72cac3-bf > .kt-inside-inner-col:before{border-top-left-radius:0px;border-top-right-radius:0px;border-bottom-right-radius:0px;border-bottom-left-radius:0px;}.kadence-column_72cac3-bf > .kt-inside-inner-col{column-gap:var(--global-kb-gap-sm, 1rem);}.kadence-column_72cac3-bf > .kt-inside-inner-col{flex-direction:column;}.kadence-column_72cac3-bf > .kt-inside-inner-col > .aligncenter{width:100%;}.kadence-column_72cac3-bf > .kt-inside-inner-col:before{opacity:0.3;}.kadence-column_72cac3-bf{position:relative;}@media all and (max-width: 1024px){.kadence-column_72cac3-bf > .kt-inside-inner-col{flex-direction:column;}}@media all and (max-width: 767px){.kadence-column_72cac3-bf > .kt-inside-inner-col{flex-direction:column;}}<\/style>\n<div class=\"wp-block-kadence-column kadence-column_72cac3-bf\"><div class=\"kt-inside-inner-col\"><div class=\"wp-block-image\">\n<figure class=\"aligncenter size-full\"><img data-recalc-dims=\"1\" loading=\"lazy\" decoding=\"async\" width=\"200\" height=\"300\" src=\"https:\/\/i0.wp.com\/tierschutzstiftung-boesche.de\/wp-content\/uploads\/2023\/03\/sascha_roesnermitKolkraben-200x300-1.jpg?resize=200%2C300&#038;ssl=1\" alt=\"\" class=\"wp-image-249\"\/><\/figure><\/div><\/div><\/div>\n\n<\/div><\/div>\n\n<p>Die Ergebnisse werden den faszinierenden Prozess einer nat\u00fcrlichen Wiederbesiedlung durch eine ehemals heimische Gro\u00dfvogelart verdeutlichen. Die langfristige Etablierung und das \u00fcberleben der Kolkrabenpopulationen in Mitteleuropa h\u00e4ngen jedoch von der Akzeptanz in der Bev\u00f6lkerung ab \u2026<\/p>","protected":false},"excerpt":{"rendered":"<p>Eine ehemals ausgerottete Gro\u00dfvogelart kehrt zur\u00fcck: Der Kolkrabe (Corvus corax) Tausendfach vergiftet, abgeschossen oder erschlagen, schreiben viele Rabenvogelarten in Europa eine \u201eschwarze Geschichte\u201c. Auch der gr\u00f6\u00dfte heimische Singvogel, der Kolkrabe (Corvus corax), erlitt in Europa massive Bestandseinbr\u00fcche und wurde schlie\u00dflich gro\u00dffl\u00e4chig ausgerottet. In den Niederlanden beispielsweise, setzte um 1900 ein starker R\u00fcckgang ein, welcher zum&#8230;<\/p>\n","protected":false},"author":1,"featured_media":0,"parent":0,"menu_order":0,"comment_status":"closed","ping_status":"closed","template":"","meta":{"_kadence_starter_templates_imported_post":false,"_kad_post_transparent":"","_kad_post_title":"","_kad_post_layout":"","_kad_post_sidebar_id":"","_kad_post_content_style":"","_kad_post_vertical_padding":"","_kad_post_feature":"","_kad_post_feature_position":"","_kad_post_header":false,"_kad_post_footer":false,"_kad_post_classname":"","footnotes":""},"class_list":["post-245","page","type-page","status-publish","hentry"],"lang":"de","translations":{"de":245,"en":275},"jetpack_sharing_enabled":true,"pll_sync_post":[],"_links":{"self":[{"href":"https:\/\/tierschutzstiftung-boesche.de\/index.php?rest_route=\/wp\/v2\/pages\/245"}],"collection":[{"href":"https:\/\/tierschutzstiftung-boesche.de\/index.php?rest_route=\/wp\/v2\/pages"}],"about":[{"href":"https:\/\/tierschutzstiftung-boesche.de\/index.php?rest_route=\/wp\/v2\/types\/page"}],"author":[{"embeddable":true,"href":"https:\/\/tierschutzstiftung-boesche.de\/index.php?rest_route=\/wp\/v2\/users\/1"}],"replies":[{"embeddable":true,"href":"https:\/\/tierschutzstiftung-boesche.de\/index.php?rest_route=%2Fwp%2Fv2%2Fcomments&post=245"}],"version-history":[{"count":0,"href":"https:\/\/tierschutzstiftung-boesche.de\/index.php?rest_route=\/wp\/v2\/pages\/245\/revisions"}],"wp:attachment":[{"href":"https:\/\/tierschutzstiftung-boesche.de\/index.php?rest_route=%2Fwp%2Fv2%2Fmedia&parent=245"}],"curies":[{"name":"wp","href":"https:\/\/api.w.org\/{rel}","templated":true}]}}