{"id":258,"date":"2023-03-20T13:14:50","date_gmt":"2023-03-20T13:14:50","guid":{"rendered":"https:\/\/tierschutzstiftung-boesche.de\/?page_id=258"},"modified":"2023-04-05T06:19:05","modified_gmt":"2023-04-05T06:19:05","slug":"tier-und-umweltschutz","status":"publish","type":"page","link":"https:\/\/tierschutzstiftung-boesche.de\/?page_id=258","title":{"rendered":"Tier- und Umweltschutz"},"content":{"rendered":"<style>.kb-row-layout-id_1c7a1c-9a > .kt-row-column-wrap{align-content:start;}:where(.kb-row-layout-id_1c7a1c-9a > .kt-row-column-wrap) > .wp-block-kadence-column{justify-content:start;}.kb-row-layout-id_1c7a1c-9a > .kt-row-column-wrap{column-gap:var(--global-kb-gap-md, 2rem);row-gap:var(--global-kb-gap-md, 2rem);padding-top:var(--global-kb-spacing-sm, 1.5rem);padding-bottom:var(--global-kb-spacing-sm, 1.5rem);grid-template-columns:minmax(0, 1fr);}.kb-row-layout-id_1c7a1c-9a > .kt-row-layout-overlay{opacity:0.30;}@media all and (max-width: 1024px){.kb-row-layout-id_1c7a1c-9a > .kt-row-column-wrap{grid-template-columns:minmax(0, 1fr);}}@media all and (max-width: 767px){.kb-row-layout-id_1c7a1c-9a > .kt-row-column-wrap{grid-template-columns:minmax(0, 1fr);}}<\/style><div class=\"kb-row-layout-wrap kb-row-layout-id_1c7a1c-9a alignnone wp-block-kadence-rowlayout\"><div class=\"kt-row-column-wrap kt-has-1-columns kt-row-layout-equal kt-tab-layout-inherit kt-mobile-layout-row kt-row-valign-top\">\n<style>.kadence-column_e82760-93 > .kt-inside-inner-col,.kadence-column_e82760-93 > .kt-inside-inner-col:before{border-top-left-radius:0px;border-top-right-radius:0px;border-bottom-right-radius:0px;border-bottom-left-radius:0px;}.kadence-column_e82760-93 > .kt-inside-inner-col{column-gap:var(--global-kb-gap-sm, 1rem);}.kadence-column_e82760-93 > .kt-inside-inner-col{flex-direction:column;}.kadence-column_e82760-93 > .kt-inside-inner-col > .aligncenter{width:100%;}.kadence-column_e82760-93 > .kt-inside-inner-col:before{opacity:0.3;}.kadence-column_e82760-93{position:relative;}@media all and (max-width: 1024px){.kadence-column_e82760-93 > .kt-inside-inner-col{flex-direction:column;}}@media all and (max-width: 767px){.kadence-column_e82760-93 > .kt-inside-inner-col{flex-direction:column;}}<\/style>\n<div class=\"wp-block-kadence-column kadence-column_e82760-93\"><div class=\"kt-inside-inner-col\">\n<div class=\"wp-block-columns is-layout-flex wp-container-core-columns-is-layout-1 wp-block-columns-is-layout-flex\">\n<div class=\"wp-block-column is-layout-flow wp-block-column-is-layout-flow\" style=\"flex-basis:100%\">\n\n<table id=\"tablepress-1\" class=\"tablepress tablepress-id-1\">\n<tbody class=\"row-hover\">\n<tr class=\"row-1 odd\">\n\t<td class=\"column-1\"><H4>Organisation<\/H4><\/td><td class=\"column-2\"><H4>Jahr<\/H4><\/td><td class=\"column-3\"><H4>Projekt<\/H4><\/td>\n<\/tr>\n<tr class=\"row-2 even\">\n\t<td class=\"column-1\"><strong>Heinz Sielmann Stiftung<\/strong><\/td><td class=\"column-2\">2022<\/td><td class=\"column-3\"><a href=\"https:\/\/tierschutzstiftung-boesche.de\/?page_id=684\">Waldbiotop Schw\u00e4bische Alb<\/a><\/td>\n<\/tr>\n<tr class=\"row-3 odd\">\n\t<td class=\"column-1\"><strong>Deutsches Tierschutzb\u00fcro<\/strong><\/td><td class=\"column-2\">2019<\/td><td class=\"column-3\"><a href=\"https:\/\/tierschutzstiftung-boesche.de\/?page_id=679\">Mi\u00dfst\u00e4nde in der Massentierhaltung <\/a><\/td>\n<\/tr>\n<tr class=\"row-4 even\">\n\t<td class=\"column-1\"><\/td><td class=\"column-2\">2013<\/td><td class=\"column-3\"><a href=\"https:\/\/tierschutzstiftung-boesche.de\/?page_id=675\">Anschaffung eines Tierrettungsfahrzeuges<\/a><\/td>\n<\/tr>\n<tr class=\"row-5 odd\">\n\t<td class=\"column-1\"><strong>Rettet den Regenwald<\/strong><\/td><td class=\"column-2\">2019<\/td><td class=\"column-3\"><a href=\"https:\/\/tierschutzstiftung-boesche.de\/?page_id=650\">\tRanger f\u00fcr Leuser Ecosystem 3<\/a><\/td>\n<\/tr>\n<tr class=\"row-6 even\">\n\t<td class=\"column-1\"><\/td><td class=\"column-2\">2010<\/td><td class=\"column-3\"><a href=\"https:\/\/tierschutzstiftung-boesche.de\/?page_id=636\">Tropenwaldkauf in Paraguay<\/a><\/td>\n<\/tr>\n<tr class=\"row-7 odd\">\n\t<td class=\"column-1\"><\/td><td class=\"column-2\">2004<\/td><td class=\"column-3\"><a href=\"https:\/\/tierschutzstiftung-boesche.de\/?page_id=628\">Erhaltung der Intag-Bergnebelw\u00e4lder in Ecuador<\/a><\/td>\n<\/tr>\n<tr class=\"row-8 even\">\n\t<td class=\"column-1\"><strong>Protect Nature<\/strong> <\/td><td class=\"column-2\">2018<\/td><td class=\"column-3\"><a href=\"https:\/\/tierschutzstiftung-boesche.de\/?page_id=513\">Hoffnung f\u00fcr heimatlose Tiere in Granada <\/a><\/td>\n<\/tr>\n<tr class=\"row-9 odd\">\n\t<td class=\"column-1\"><strong>Rescate Animal Zooave<\/strong><\/td><td class=\"column-2\">2020<\/td><td class=\"column-3\"><a href=\"https:\/\/tierschutzstiftung-boesche.de\/?page_id=496\">Rescate Animal Zooave<\/a><\/td>\n<\/tr>\n<tr class=\"row-10 even\">\n\t<td class=\"column-1\"><\/td><td class=\"column-2\">2018<\/td><td class=\"column-3\"><a href=\"https:\/\/tierschutzstiftung-boesche.de\/?page_id=470\">Wildtierauffangstation in Costa Rica <\/a><\/td>\n<\/tr>\n<tr class=\"row-11 odd\">\n\t<td class=\"column-1\"><strong>Natucate<\/strong><\/td><td class=\"column-2\">2018<\/td><td class=\"column-3\"><a href=\"https:\/\/tierschutzstiftung-boesche.de\/?page_id=465\">Pflege notleidender Wildtiere in Florida<\/a><\/td>\n<\/tr>\n<tr class=\"row-12 even\">\n\t<td class=\"column-1\"><strong>Blumiges Melle<\/strong><\/td><td class=\"column-2\">2022<\/td><td class=\"column-3\"><a href=\"https:\/\/tierschutzstiftung-boesche.de\/?page_id=452\">Bau einer Trockensteinmauer <\/a><\/td>\n<\/tr>\n<tr class=\"row-13 odd\">\n\t<td class=\"column-1\"><\/td><td class=\"column-2\">2017<\/td><td class=\"column-3\"><a href=\"https:\/\/tierschutzstiftung-boesche.de\/?page_id=426\">Insektenschutz durch mehrj\u00e4hrige Bl\u00fchwiesen<\/a><\/td>\n<\/tr>\n<tr class=\"row-14 even\">\n\t<td class=\"column-1\"><\/td><td class=\"column-2\"><\/td><td class=\"column-3\"><a href=\"https:\/\/tierschutzstiftung-boesche.de\/?page_id=426\">ein Artenschutzprojekt mit Aspekten der Umweltbildung<\/a><\/td>\n<\/tr>\n<tr class=\"row-15 odd\">\n\t<td class=\"column-1\"><strong>Ocean Care<\/strong><\/td><td class=\"column-2\">2016<\/td><td class=\"column-3\"><a href=\"https:\/\/tierschutzstiftung-boesche.de\/?page_id=416\">Kampagne zum Schutz der Delphine und Haie in Peru<\/a><\/td>\n<\/tr>\n<tr class=\"row-16 even\">\n\t<td class=\"column-1\"><strong>BUND<\/strong><\/td><td class=\"column-2\">2016<\/td><td class=\"column-3\"><a href=\"https:\/\/tierschutzstiftung-boesche.de\/?page_id=397\">L\u00fcckenschluss im Gr\u00fcnen Band Deutschland<\/a><\/td>\n<\/tr>\n<tr class=\"row-17 odd\">\n\t<td class=\"column-1\"><strong>NABU<\/strong><\/td><td class=\"column-2\">2015<\/td><td class=\"column-3\"><a href=\"https:\/\/tierschutzstiftung-boesche.de\/?page_id=383\">Das NABU-Projekt Meere ohne Plastik<\/a><\/td>\n<\/tr>\n<tr class=\"row-18 even\">\n\t<td class=\"column-1\"><\/td><td class=\"column-2\">2004<\/td><td class=\"column-3\"><a href=\"https:\/\/tierschutzstiftung-boesche.de\/?page_id=378\">Tier- und Naturschutzma\u00dfnahmen in Braunschweig<\/a><\/td>\n<\/tr>\n<tr class=\"row-19 odd\">\n\t<td class=\"column-1\"><strong>Bruno Pet<\/strong><\/td><td class=\"column-2\">2014<\/td><td class=\"column-3\"><a href=\"https:\/\/tierschutzstiftung-boesche.de\/?page_id=373\">Erste Hilfe f\u00fcr rum\u00e4nische Stra\u00dfentiere<\/a><\/td>\n<\/tr>\n<tr class=\"row-20 even\">\n\t<td class=\"column-1\"><strong>Doctors against animal testing<\/strong><\/td><td class=\"column-2\">2013<\/td><td class=\"column-3\"><a href=\"https:\/\/tierschutzstiftung-boesche.de\/?page_id=354\">Tiere retten mit Computern<\/a><\/td>\n<\/tr>\n<tr class=\"row-21 odd\">\n\t<td class=\"column-1\"><strong>Dog Care Clinic<\/strong><\/td><td class=\"column-2\">2012<\/td><td class=\"column-3\"><a href=\"https:\/\/tierschutzstiftung-boesche.de\/?page_id=330\">Stra\u00dfenhunde auf Sri Lanka<\/a><\/td>\n<\/tr>\n<tr class=\"row-22 even\">\n\t<td class=\"column-1\"><strong>Animals' Angels<\/strong><\/td><td class=\"column-2\">2017<\/td><td class=\"column-3\"><a href=\"https:\/\/tierschutzstiftung-boesche.de\/?page_id=324\">Hilfe f\u00fcr die Esel auf Korfu<\/a><\/td>\n<\/tr>\n<tr class=\"row-23 odd\">\n\t<td class=\"column-1\"><\/td><td class=\"column-2\">2005<\/td><td class=\"column-3\"><a href=\"https:\/\/tierschutzstiftung-boesche.de\/?page_id=318\">\u00dcberwachung von Tiertransporten in Europa<\/a><\/td>\n<\/tr>\n<tr class=\"row-24 even\">\n\t<td class=\"column-1\"><strong>Pro Animals<\/strong><\/td><td class=\"column-2\">2016<\/td><td class=\"column-3\"><a href=\"https:\/\/tierschutzstiftung-boesche.de\/?page_id=312\">Das Schicksal der Stra\u00dfenhunde von Balikesir<\/a><\/td>\n<\/tr>\n<\/tbody>\n<\/table>\n\n<\/div>\n<\/div>\n<\/div><\/div>\n\n<\/div><\/div>","protected":false},"excerpt":{"rendered":"","protected":false},"author":1,"featured_media":0,"parent":0,"menu_order":0,"comment_status":"closed","ping_status":"closed","template":"","meta":{"_kadence_starter_templates_imported_post":false,"_kad_post_transparent":"","_kad_post_title":"","_kad_post_layout":"","_kad_post_sidebar_id":"","_kad_post_content_style":"","_kad_post_vertical_padding":"","_kad_post_feature":"","_kad_post_feature_position":"","_kad_post_header":false,"_kad_post_footer":false,"_kad_post_classname":"","footnotes":""},"class_list":["post-258","page","type-page","status-publish","hentry"],"lang":"de","translations":{"de":258,"en":293},"jetpack_sharing_enabled":true,"pll_sync_post":[],"_links":{"self":[{"href":"https:\/\/tierschutzstiftung-boesche.de\/index.php?rest_route=\/wp\/v2\/pages\/258"}],"collection":[{"href":"https:\/\/tierschutzstiftung-boesche.de\/index.php?rest_route=\/wp\/v2\/pages"}],"about":[{"href":"https:\/\/tierschutzstiftung-boesche.de\/index.php?rest_route=\/wp\/v2\/types\/page"}],"author":[{"embeddable":true,"href":"https:\/\/tierschutzstiftung-boesche.de\/index.php?rest_route=\/wp\/v2\/users\/1"}],"replies":[{"embeddable":true,"href":"https:\/\/tierschutzstiftung-boesche.de\/index.php?rest_route=%2Fwp%2Fv2%2Fcomments&post=258"}],"version-history":[{"count":1,"href":"https:\/\/tierschutzstiftung-boesche.de\/index.php?rest_route=\/wp\/v2\/pages\/258\/revisions"}],"predecessor-version":[{"id":908,"href":"https:\/\/tierschutzstiftung-boesche.de\/index.php?rest_route=\/wp\/v2\/pages\/258\/revisions\/908"}],"wp:attachment":[{"href":"https:\/\/tierschutzstiftung-boesche.de\/index.php?rest_route=%2Fwp%2Fv2%2Fmedia&parent=258"}],"curies":[{"name":"wp","href":"https:\/\/api.w.org\/{rel}","templated":true}]}}