{"id":465,"date":"2023-03-24T05:52:04","date_gmt":"2023-03-24T05:52:04","guid":{"rendered":"https:\/\/tierschutzstiftung-boesche.de\/?page_id=465"},"modified":"2023-03-24T09:45:17","modified_gmt":"2023-03-24T09:45:17","slug":"tierschutz-in-den-usa-pflege-notleidender-wildtiere-in-florida","status":"publish","type":"page","link":"https:\/\/tierschutzstiftung-boesche.de\/?page_id=465","title":{"rendered":"Tierschutz in den USA: Pflege notleidender Wildtiere in Florida"},"content":{"rendered":"<p>Dank des subtropischen bis tropischen Klimas Floridas weist der s\u00fcd\u00f6stliche US-Bundesstaat eine au\u00dferordentliche Vielfalt an Tier- und Pflanzenarten auf und stellt daher ein begehrtes Ziel f\u00fcr Outdoorurlauber und Tagestouristen dar.<\/p>\n<p>Da Tourismus und Naturschutz jedoch oftmals in Konflikt stehen, ist es f\u00fcr den Erhalt der in weiten Teilen unber\u00fchrten Natur unverzichtbar, den Tourismus zu regulieren und Schutzzonen auszuweisen. So sind zudem diverse Tier- und Artenschutzprojekte ins Leben gerufen worden, die sich dem Schutz bedrohter Tierarten und der Pflege verletzter Wildtiere verschrieben haben.<\/p>\n\n<style>.kb-row-layout-id_9b8534-14 > .kt-row-column-wrap{align-content:start;}:where(.kb-row-layout-id_9b8534-14 > .kt-row-column-wrap) > .wp-block-kadence-column{justify-content:start;}.kb-row-layout-id_9b8534-14 > .kt-row-column-wrap{column-gap:var(--global-kb-gap-md, 2rem);row-gap:var(--global-kb-gap-md, 2rem);padding-top:var(--global-kb-spacing-sm, 1.5rem);padding-bottom:var(--global-kb-spacing-sm, 1.5rem);grid-template-columns:repeat(2, minmax(0, 1fr));}.kb-row-layout-id_9b8534-14 > .kt-row-layout-overlay{opacity:0.30;}@media all and (max-width: 1024px){.kb-row-layout-id_9b8534-14 > .kt-row-column-wrap{grid-template-columns:repeat(2, minmax(0, 1fr));}}@media all and (max-width: 767px){.kb-row-layout-id_9b8534-14 > .kt-row-column-wrap{grid-template-columns:minmax(0, 1fr);}}<\/style><div class=\"kb-row-layout-wrap kb-row-layout-id_9b8534-14 alignnone wp-block-kadence-rowlayout\"><div class=\"kt-row-column-wrap kt-has-2-columns kt-row-layout-equal kt-tab-layout-inherit kt-mobile-layout-row kt-row-valign-top\">\n<style>.kadence-column_e18cf2-e3 > .kt-inside-inner-col,.kadence-column_e18cf2-e3 > .kt-inside-inner-col:before{border-top-left-radius:0px;border-top-right-radius:0px;border-bottom-right-radius:0px;border-bottom-left-radius:0px;}.kadence-column_e18cf2-e3 > .kt-inside-inner-col{column-gap:var(--global-kb-gap-sm, 1rem);}.kadence-column_e18cf2-e3 > .kt-inside-inner-col{flex-direction:column;}.kadence-column_e18cf2-e3 > .kt-inside-inner-col > .aligncenter{width:100%;}.kadence-column_e18cf2-e3 > .kt-inside-inner-col:before{opacity:0.3;}.kadence-column_e18cf2-e3{position:relative;}@media all and (max-width: 1024px){.kadence-column_e18cf2-e3 > .kt-inside-inner-col{flex-direction:column;}}@media all and (max-width: 767px){.kadence-column_e18cf2-e3 > .kt-inside-inner-col{flex-direction:column;}}<\/style>\n<div class=\"wp-block-kadence-column kadence-column_e18cf2-e3\"><div class=\"kt-inside-inner-col\"><div class=\"wp-block-image\">\n<figure class=\"aligncenter size-full is-resized\"><img data-recalc-dims=\"1\" loading=\"lazy\" decoding=\"async\" src=\"https:\/\/i0.wp.com\/tierschutzstiftung-boesche.de\/wp-content\/uploads\/2023\/03\/usa10-400x200-1.jpg?resize=482%2C241&#038;ssl=1\" alt=\"\" class=\"wp-image-491\" width=\"482\" height=\"241\" srcset=\"https:\/\/i0.wp.com\/tierschutzstiftung-boesche.de\/wp-content\/uploads\/2023\/03\/usa10-400x200-1.jpg?w=400&amp;ssl=1 400w, https:\/\/i0.wp.com\/tierschutzstiftung-boesche.de\/wp-content\/uploads\/2023\/03\/usa10-400x200-1.jpg?resize=300%2C150&amp;ssl=1 300w\" sizes=\"(max-width: 482px) 100vw, 482px\" \/><\/figure><\/div><\/div><\/div>\n\n\n<style>.kadence-column_f08871-3f > .kt-inside-inner-col,.kadence-column_f08871-3f > .kt-inside-inner-col:before{border-top-left-radius:0px;border-top-right-radius:0px;border-bottom-right-radius:0px;border-bottom-left-radius:0px;}.kadence-column_f08871-3f > .kt-inside-inner-col{column-gap:var(--global-kb-gap-sm, 1rem);}.kadence-column_f08871-3f > .kt-inside-inner-col{flex-direction:column;}.kadence-column_f08871-3f > .kt-inside-inner-col > .aligncenter{width:100%;}.kadence-column_f08871-3f > .kt-inside-inner-col:before{opacity:0.3;}.kadence-column_f08871-3f{position:relative;}@media all and (max-width: 1024px){.kadence-column_f08871-3f > .kt-inside-inner-col{flex-direction:column;}}@media all and (max-width: 767px){.kadence-column_f08871-3f > .kt-inside-inner-col{flex-direction:column;}}<\/style>\n<div class=\"wp-block-kadence-column kadence-column_f08871-3f\"><div class=\"kt-inside-inner-col\"><div class=\"wp-block-image\">\n<figure class=\"aligncenter size-full is-resized\"><img data-recalc-dims=\"1\" loading=\"lazy\" decoding=\"async\" src=\"https:\/\/i0.wp.com\/tierschutzstiftung-boesche.de\/wp-content\/uploads\/2023\/03\/usa12-372x200-1.jpg?resize=481%2C259&#038;ssl=1\" alt=\"\" class=\"wp-image-492\" width=\"481\" height=\"259\" srcset=\"https:\/\/i0.wp.com\/tierschutzstiftung-boesche.de\/wp-content\/uploads\/2023\/03\/usa12-372x200-1.jpg?w=372&amp;ssl=1 372w, https:\/\/i0.wp.com\/tierschutzstiftung-boesche.de\/wp-content\/uploads\/2023\/03\/usa12-372x200-1.jpg?resize=300%2C161&amp;ssl=1 300w\" sizes=\"(max-width: 481px) 100vw, 481px\" \/><\/figure><\/div><\/div><\/div>\n\n<\/div><\/div>\n\n<p><strong>Das Projekt<\/strong><\/p>\n<p>Eines der Projekte, die sich ebendieser Pflege von notleidenden Wildtieren widmet, entfaltet seine Arbeit in einem Tierschutzzentrum n\u00f6rdlich von Floridas f\u00fcnftgr\u00f6\u00dfter Stadt Orlando.<br>Das Tierschutzzentrum fungiert als Auffangstation f\u00fcr Wildtiere, denen es aufgrund von Misshandlung, Vernachl\u00e4ssigung oder Verletzungen in der Regel nicht mehr m\u00f6glich ist, selbstst\u00e4ndig in freier Wildbahn oder in den vorherigen Verh\u00e4ltnissen zu \u00fcberleben.<br>Tief im von der US-Regierung kontrollierten Ocala National Forest gelegen, bildet die Station einen idealen R\u00fcckzugsort f\u00fcr die Tiere. Die dort betreuten Arten reichen von B\u00e4ren, Raubkatzen und W\u00f6lfen \u00fcber Primaten bis hin zu Flederm\u00e4usen, von denen sich viele durch die intensive Pflege des Tierschutzteams wieder erholen k\u00f6nnen.<br>In Florida beheimatete Wildtiere k\u00f6nnen in einigen F\u00e4llen sogar wieder in die Wildnis entlassen werden.<br>Ferner empf\u00e4ngt das Tierschutzzentrum regelm\u00e4\u00dfig Besuchergruppen, um \u00fcber die Bedrohungen, denen die Tiere ausgesetzt sind, aufzukl\u00e4ren und Wissen zu ihrer Haltung zu vermitteln.<br>Damit das Projekt auch in Zukunft bestehen kann und schutzbed\u00fcrftige Wildtiere weiterhin eine Zufluchtsst\u00e4tte finden, ist neben der Unterst\u00fctzung durch finanzielle Mittel besonders die Hilfe von engagierten Mitarbeiterinnen und Mitarbeitern entscheidend.<br>So leistet die Einbindung freiwilliger Helfer einen wesentlichen Beitrag zum Fortbestand der wertvollen Projektarbeit. Auch der Aachener Agentur NATUCATE ist deren Weiterf\u00fchrung ein gro\u00dfes Anliegen, sodass sie sich stark f\u00fcr die Vermittlung von Volunteers an das Projekt einsetzt.<\/p>\n<p>Unterst\u00fctzung durch die Tierschutz-Stiftung Wolfgang B\u00f6sche<\/p>\n<p>Aufmerksam geworden durch einen ausf\u00fchrlichen Bericht von NATUCATE \u00fcber die Arbeit des Projekts, hat sich der Vorstand der Tierschutz-Stiftung Wolfgang B\u00f6sche dazu entschlossen, das Tierschutzzentrum zweckgebunden zu unterst\u00fctzen.<br>Seit Oktober 2017 findet diese Unterst\u00fctzung zum einen in Form der Vergabe eines Auslandsstipendiums an einen ausgew\u00e4hlten Volunteer statt, der mit einem vierw\u00f6chigen Freiwilligeneinsatz vor Ort durch Essenszubereitung und F\u00fctterung der Tiere, Reinigung und Instandhaltung der Gehege und des Gel\u00e4ndes sowie Zutun bei der tier\u00e4rztlichen Versorgung dabei hilft, diese liebevolle Zufluchtsst\u00e4tte aufrechtzuerhalten.<br>Gleichzeitig erh\u00e4lt er Einblick in das Tagesgesch\u00e4ft eines Non-Profit-Tierschutzzentrums und erwirbt wertvolle Praxisf\u00e4higkeiten.<br>Eine Unterkunft, die sich auf dem Gel\u00e4nde der Station befindet und aus Mehrbett-zimmern, Gemeinschaftsbad und -k\u00fcche besteht, wird dem Stipendiaten zur Verf\u00fcgung gestellt.<\/p>\n<p>Dar\u00fcber hinaus hat sich die Tierschutz-Stiftung Wolfgang B\u00f6sche dazu entschieden, dem Projekt in Kombination mit dem Auslandsstipendium eine Sachspende zukommen zu lassen, die der Renovierung bestehender Anlagen und dabei insbesondere der Erweiterung des Lemurengeheges zugutekommt. Ein au\u00dferordentlicher Dank gilt der Tierschutz-Stiftung Wolfgang B\u00f6sche, die mit dieser wunderbaren Unterst\u00fctzung zum Fortbestand des Projekts beitr\u00e4gt!<\/p>\n<p><strong>Auslandsstipendium 2018<\/strong><\/p>\n<p>F\u00fcr das Jahr 2018 erfolgt die Vergabe des Auslandsstipendiums f\u00fcr das Tierschutz-projekt in Florida an die 19-j\u00e4hrige Sch\u00fclerin Kim aus Leverkusen.<br>Kim befindet sich momentan in einer schulischen Ausbildung zur gestaltungs-technischen Assistentin und auf dem Weg zum Fachabitur.<br>Sie ist eine gro\u00dfe Tierliebhaberin und zuhause mit Katzen, Hunden und anderen Kleintieren gro\u00df geworden. Tierschutz ist f\u00fcr Kim eine Herzensangelegenheit und ihrer Meinung nach \u201ein keinem Fall dem Schutz der Menschen unterzuordnen.<br>Jeder Mensch sollte ein Bewusstsein f\u00fcr den Wert eines nichtmenschlichen Lebens entwickeln.\u201c F\u00fcr Kim ist die Chance, als Volunteer vor Ort in Florida mitwirken zu k\u00f6nnen, etwas ganz Besonderes. \u201eBislang lie\u00df sich diese M\u00f6glichkeit ohne Unterst\u00fctzung leider nicht realisieren.<br>Dank der Tierschutzstiftung Wolfgang B\u00f6sche darf ich jedoch nun in die USA reisen und einen Einblick in die Arbeit eines Tierschutzzentrums erhalten.<\/p>\n<p>Ich bin sehr gespannt darauf, mehr \u00fcber die individuelle Pflege der unterschiedlichen Tiere zu lernen.<br>\u201eIch freue mich darauf, den Tieren eine sichere Zufluchtsst\u00e4tte bieten zu k\u00f6nnen und sie gl\u00fccklich zu sehen.\u201c<br>W\u00e4hrend ihrer Zeit in Florida m\u00f6chte Kim einen Blog \u00fcber ihre Erfahrungen im Projekt f\u00fchren, um uns an ihrem Abenteuer teilhaben zu lassen. Dieses \u201eAuslandstagebuch\u201c wird im Laufe ihres USA-Aufenthaltes auf der Homepage der Tierschutz-Stiftung Wolfgang B\u00f6sche ver\u00f6ffentlicht.<br>In ihrer Freizeit f\u00e4hrt Kim gerne Skateboard, zeichnet und fotografiert.<\/p>\n<p><strong>\u00dcber NATUCATE<\/strong><\/p>\n<p>Die Aachener Agentur NATUCATE ist spezialisiert auf die Vermittlung von weiter-bildenden Auslandsaufenthalten in Verbindung mit dem freiwilligen Einsatz in Projekten zum Natur-, Tier- und Artenschutz.<\/p>\n<p>Dem Firmennamen entsprechend, der sich aus \u201enature\u201c und \u201eto educate\u201c zusammensetzt, ist es ein Anliegen von NATUCATE, Natur und Bildung zu vereinen. Durch Freiwilligenarbeit, naturnahe Weiterbildungskurse und Praktika wird den Teilnehmern erm\u00f6glicht, zum Erhalt nat\u00fcrlicher Lebensr\u00e4ume und bedrohter Arten beizutragen, den Wert der nat\u00fcrlichen Ressourcen der Erde zu begreifen und somit gleichzeitig den pers\u00f6nlichen Horizont zu erweitern.[:en]Thanks to a subtropical and tropical climate in Florida, the southeastern US state has a rather extraordinary diversity when it comes to animal and plant species which makes it a popular destination for outdoor travelers and day tourists.<br>Since tourism and conservation often come into conflict it is essential to regulate tourism and to offer protection areas in order to preserve the largely pristine nature. Different animal and species protection projects have been brought into being that are dedicated to the protection of endangered species and the care of wild animals in need.<\/p>","protected":false},"excerpt":{"rendered":"<p>Dank des subtropischen bis tropischen Klimas Floridas weist der s\u00fcd\u00f6stliche US-Bundesstaat eine au\u00dferordentliche Vielfalt an Tier- und Pflanzenarten auf und stellt daher ein begehrtes Ziel f\u00fcr Outdoorurlauber und Tagestouristen dar. Da Tourismus und Naturschutz jedoch oftmals in Konflikt stehen, ist es f\u00fcr den Erhalt der in weiten Teilen unber\u00fchrten Natur unverzichtbar, den Tourismus zu regulieren&#8230;<\/p>\n","protected":false},"author":1,"featured_media":0,"parent":0,"menu_order":0,"comment_status":"closed","ping_status":"closed","template":"","meta":{"_kadence_starter_templates_imported_post":false,"_kad_post_transparent":"","_kad_post_title":"","_kad_post_layout":"","_kad_post_sidebar_id":"","_kad_post_content_style":"","_kad_post_vertical_padding":"","_kad_post_feature":"","_kad_post_feature_position":"","_kad_post_header":false,"_kad_post_footer":false,"_kad_post_classname":"","footnotes":""},"class_list":["post-465","page","type-page","status-publish","hentry"],"lang":"de","translations":{"de":465,"en":468},"jetpack_sharing_enabled":true,"pll_sync_post":[],"_links":{"self":[{"href":"https:\/\/tierschutzstiftung-boesche.de\/index.php?rest_route=\/wp\/v2\/pages\/465"}],"collection":[{"href":"https:\/\/tierschutzstiftung-boesche.de\/index.php?rest_route=\/wp\/v2\/pages"}],"about":[{"href":"https:\/\/tierschutzstiftung-boesche.de\/index.php?rest_route=\/wp\/v2\/types\/page"}],"author":[{"embeddable":true,"href":"https:\/\/tierschutzstiftung-boesche.de\/index.php?rest_route=\/wp\/v2\/users\/1"}],"replies":[{"embeddable":true,"href":"https:\/\/tierschutzstiftung-boesche.de\/index.php?rest_route=%2Fwp%2Fv2%2Fcomments&post=465"}],"version-history":[{"count":0,"href":"https:\/\/tierschutzstiftung-boesche.de\/index.php?rest_route=\/wp\/v2\/pages\/465\/revisions"}],"wp:attachment":[{"href":"https:\/\/tierschutzstiftung-boesche.de\/index.php?rest_route=%2Fwp%2Fv2%2Fmedia&parent=465"}],"curies":[{"name":"wp","href":"https:\/\/api.w.org\/{rel}","templated":true}]}}