{"id":628,"date":"2023-03-28T07:08:39","date_gmt":"2023-03-28T07:08:39","guid":{"rendered":"https:\/\/tierschutzstiftung-boesche.de\/?page_id=628"},"modified":"2023-03-28T07:10:29","modified_gmt":"2023-03-28T07:10:29","slug":"rettet-den-regenwald-e-v-erhaltung-der-intag-bergnebelwaelder-in-ecuador","status":"publish","type":"page","link":"https:\/\/tierschutzstiftung-boesche.de\/?page_id=628","title":{"rendered":"Rettet den Regenwald e.V.: Erhaltung der Intag-Bergnebelw\u00e4lder in Ecuador"},"content":{"rendered":"<style>.kb-row-layout-id_84a2f1-4d > .kt-row-column-wrap{align-content:start;}:where(.kb-row-layout-id_84a2f1-4d > .kt-row-column-wrap) > .wp-block-kadence-column{justify-content:start;}.kb-row-layout-id_84a2f1-4d > .kt-row-column-wrap{column-gap:var(--global-kb-gap-md, 2rem);row-gap:var(--global-kb-gap-md, 2rem);padding-top:var(--global-kb-spacing-sm, 1.5rem);padding-bottom:var(--global-kb-spacing-sm, 1.5rem);grid-template-columns:minmax(0, calc(45% - ((var(--global-kb-gap-md, 2rem) * 1 )\/2)))minmax(0, calc(55% - ((var(--global-kb-gap-md, 2rem) * 1 )\/2)));}.kb-row-layout-id_84a2f1-4d > .kt-row-layout-overlay{opacity:0.30;}@media all and (max-width: 1024px){.kb-row-layout-id_84a2f1-4d > .kt-row-column-wrap{grid-template-columns:repeat(2, minmax(0, 1fr));}}@media all and (max-width: 767px){.kb-row-layout-id_84a2f1-4d > .kt-row-column-wrap{grid-template-columns:minmax(0, 1fr);}}<\/style><div class=\"kb-row-layout-wrap kb-row-layout-id_84a2f1-4d alignnone wp-block-kadence-rowlayout\"><div class=\"kt-row-column-wrap kt-has-2-columns kt-row-layout-equal kt-tab-layout-inherit kt-mobile-layout-row kt-row-valign-top\">\n<style>.kadence-column_b0b962-8e > .kt-inside-inner-col,.kadence-column_b0b962-8e > .kt-inside-inner-col:before{border-top-left-radius:0px;border-top-right-radius:0px;border-bottom-right-radius:0px;border-bottom-left-radius:0px;}.kadence-column_b0b962-8e > .kt-inside-inner-col{column-gap:var(--global-kb-gap-sm, 1rem);}.kadence-column_b0b962-8e > .kt-inside-inner-col{flex-direction:column;}.kadence-column_b0b962-8e > .kt-inside-inner-col > .aligncenter{width:100%;}.kadence-column_b0b962-8e > .kt-inside-inner-col:before{opacity:0.3;}.kadence-column_b0b962-8e{position:relative;}@media all and (max-width: 1024px){.kadence-column_b0b962-8e > .kt-inside-inner-col{flex-direction:column;}}@media all and (max-width: 767px){.kadence-column_b0b962-8e > .kt-inside-inner-col{flex-direction:column;}}<\/style>\n<div class=\"wp-block-kadence-column kadence-column_b0b962-8e\"><div class=\"kt-inside-inner-col\"><div class=\"wp-block-image\">\n<figure class=\"aligncenter size-full is-resized\"><img data-recalc-dims=\"1\" loading=\"lazy\" decoding=\"async\" src=\"https:\/\/i0.wp.com\/tierschutzstiftung-boesche.de\/wp-content\/uploads\/2023\/03\/regenwald2.jpg?resize=430%2C323&#038;ssl=1\" alt=\"\" class=\"wp-image-630\" width=\"430\" height=\"323\"\/><\/figure><\/div><\/div><\/div>\n\n\n<style>.kadence-column_d4c152-a4 > .kt-inside-inner-col,.kadence-column_d4c152-a4 > .kt-inside-inner-col:before{border-top-left-radius:0px;border-top-right-radius:0px;border-bottom-right-radius:0px;border-bottom-left-radius:0px;}.kadence-column_d4c152-a4 > .kt-inside-inner-col{column-gap:var(--global-kb-gap-sm, 1rem);}.kadence-column_d4c152-a4 > .kt-inside-inner-col{flex-direction:column;}.kadence-column_d4c152-a4 > .kt-inside-inner-col > .aligncenter{width:100%;}.kadence-column_d4c152-a4 > .kt-inside-inner-col:before{opacity:0.3;}.kadence-column_d4c152-a4{position:relative;}@media all and (max-width: 1024px){.kadence-column_d4c152-a4 > .kt-inside-inner-col{flex-direction:column;}}@media all and (max-width: 767px){.kadence-column_d4c152-a4 > .kt-inside-inner-col{flex-direction:column;}}<\/style>\n<div class=\"wp-block-kadence-column kadence-column_d4c152-a4\"><div class=\"kt-inside-inner-col\">\n<p>Die Bergnebelw\u00e4lder im Intag n\u00f6rdlich von Quito sind von Zerst\u00f6rung durch Minenkonzerne bedroht, die dort Kupfer und Gold f\u00f6rdern. Mit Spendengeldern wurden bereits mehr als 2000 Hektar Bergwald gekauft, um sie vor Ausbeutung zu retten. Die Grundst\u00fccke werden an die D\u00f6rfer \u00fcberschrieben und vertraglich zu Gemeindew\u00e4ldern erkl\u00e4rt. Gemeinsam \u00fcbernehmen die Bauern die Verantwortung f\u00fcr den Schutz ihrer W\u00e4lder und nachhaltige Formen der Nutzung.<\/p>\n<\/div><\/div>\n\n<\/div><\/div>\n\n<p>Regenw\u00e4lder waren auf unserem Planeten urspr\u00fcnglich mindestens doppelt so weit verbreitet, bedecken heute nur noch etwa zwei Prozent der Erdoberfl\u00e4che und dienen Millionen von Tier- und Pflanzenarten, von denen die meisten bis heute nicht einmal erforscht wurden, als Lebensraum.<\/p>\n\n<style>.kb-row-layout-id_3daabf-87 > .kt-row-column-wrap{align-content:start;}:where(.kb-row-layout-id_3daabf-87 > .kt-row-column-wrap) > .wp-block-kadence-column{justify-content:start;}.kb-row-layout-id_3daabf-87 > .kt-row-column-wrap{column-gap:var(--global-kb-gap-md, 2rem);row-gap:var(--global-kb-gap-md, 2rem);padding-top:var(--global-kb-spacing-sm, 1.5rem);padding-bottom:var(--global-kb-spacing-sm, 1.5rem);grid-template-columns:minmax(0, calc(55% - ((var(--global-kb-gap-md, 2rem) * 1 )\/2)))minmax(0, calc(45% - ((var(--global-kb-gap-md, 2rem) * 1 )\/2)));}.kb-row-layout-id_3daabf-87 > .kt-row-layout-overlay{opacity:0.30;}@media all and (max-width: 1024px){.kb-row-layout-id_3daabf-87 > .kt-row-column-wrap{grid-template-columns:repeat(2, minmax(0, 1fr));}}@media all and (max-width: 767px){.kb-row-layout-id_3daabf-87 > .kt-row-column-wrap{grid-template-columns:minmax(0, 1fr);}}<\/style><div class=\"kb-row-layout-wrap kb-row-layout-id_3daabf-87 alignnone wp-block-kadence-rowlayout\"><div class=\"kt-row-column-wrap kt-has-2-columns kt-row-layout-equal kt-tab-layout-inherit kt-mobile-layout-row kt-row-valign-top\">\n<style>.kadence-column_bc4d69-88 > .kt-inside-inner-col,.kadence-column_bc4d69-88 > .kt-inside-inner-col:before{border-top-left-radius:0px;border-top-right-radius:0px;border-bottom-right-radius:0px;border-bottom-left-radius:0px;}.kadence-column_bc4d69-88 > .kt-inside-inner-col{column-gap:var(--global-kb-gap-sm, 1rem);}.kadence-column_bc4d69-88 > .kt-inside-inner-col{flex-direction:column;}.kadence-column_bc4d69-88 > .kt-inside-inner-col > .aligncenter{width:100%;}.kadence-column_bc4d69-88 > .kt-inside-inner-col:before{opacity:0.3;}.kadence-column_bc4d69-88{position:relative;}@media all and (max-width: 1024px){.kadence-column_bc4d69-88 > .kt-inside-inner-col{flex-direction:column;}}@media all and (max-width: 767px){.kadence-column_bc4d69-88 > .kt-inside-inner-col{flex-direction:column;}}<\/style>\n<div class=\"wp-block-kadence-column kadence-column_bc4d69-88\"><div class=\"kt-inside-inner-col\">\n<p>Auch wenn sich Regenw\u00e4lder auf den verschiedenen Kontinenten in ihrem Artenspektrum, in der Bodenbeschaffenheit oder der Besiedlungsdichte teilweise deutlich voneinander unterscheiden, sind die Hauptursachen ihrer Zerst\u00f6rung weltweit sehr \u00e4hnlich: Brandrodung zur Schaffung landwirtschaftlicher Fl\u00e4chen und Rinderweiden, Umwandlung von W\u00e4ldern in \u00d6lpalm-, Bananen- oder Kaffeeplantagen, Ausbeutung von Bodensch\u00e4tzen wie Eisenerz, Gold, \u00d6l oder Gas, der Bau von Gro\u00dfstaud\u00e4mmen zur Energiegewinnung und kommerzieller Holzeinschlag sind die wichtigsten Zerst\u00f6rungsursachen.<\/p>\n<\/div><\/div>\n\n\n<style>.kadence-column_70290a-85 > .kt-inside-inner-col,.kadence-column_70290a-85 > .kt-inside-inner-col:before{border-top-left-radius:0px;border-top-right-radius:0px;border-bottom-right-radius:0px;border-bottom-left-radius:0px;}.kadence-column_70290a-85 > .kt-inside-inner-col{column-gap:var(--global-kb-gap-sm, 1rem);}.kadence-column_70290a-85 > .kt-inside-inner-col{flex-direction:column;}.kadence-column_70290a-85 > .kt-inside-inner-col > .aligncenter{width:100%;}.kadence-column_70290a-85 > .kt-inside-inner-col:before{opacity:0.3;}.kadence-column_70290a-85{position:relative;}@media all and (max-width: 1024px){.kadence-column_70290a-85 > .kt-inside-inner-col{flex-direction:column;}}@media all and (max-width: 767px){.kadence-column_70290a-85 > .kt-inside-inner-col{flex-direction:column;}}<\/style>\n<div class=\"wp-block-kadence-column kadence-column_70290a-85\"><div class=\"kt-inside-inner-col\"><div class=\"wp-block-image\">\n<figure class=\"aligncenter size-full is-resized\"><img data-recalc-dims=\"1\" loading=\"lazy\" decoding=\"async\" src=\"https:\/\/i0.wp.com\/tierschutzstiftung-boesche.de\/wp-content\/uploads\/2023\/03\/regenwald_oelteich.jpg?resize=433%2C326&#038;ssl=1\" alt=\"\" class=\"wp-image-632\" width=\"433\" height=\"326\"\/><\/figure><\/div><\/div><\/div>\n\n<\/div><\/div>\n\n<p>Die 1986 gegr\u00fcndete Organisation \u201eRettet den Regenwald e.V.\u201c engagiert sich erfolgreich im internationalen Regenwaldschutz.<\/p>\n<p><a href=\"http:\/\/www.regenwald.org\/\">Mehr Informationen finden Sie hier.<\/a><\/p>","protected":false},"excerpt":{"rendered":"<p>Die Bergnebelw\u00e4lder im Intag n\u00f6rdlich von Quito sind von Zerst\u00f6rung durch Minenkonzerne bedroht, die dort Kupfer und Gold f\u00f6rdern. Mit Spendengeldern wurden bereits mehr als 2000 Hektar Bergwald gekauft, um sie vor Ausbeutung zu retten. Die Grundst\u00fccke werden an die D\u00f6rfer \u00fcberschrieben und vertraglich zu Gemeindew\u00e4ldern erkl\u00e4rt. Gemeinsam \u00fcbernehmen die Bauern die Verantwortung f\u00fcr den&#8230;<\/p>\n","protected":false},"author":1,"featured_media":0,"parent":0,"menu_order":0,"comment_status":"closed","ping_status":"closed","template":"","meta":{"_kadence_starter_templates_imported_post":false,"_kad_post_transparent":"","_kad_post_title":"","_kad_post_layout":"","_kad_post_sidebar_id":"","_kad_post_content_style":"","_kad_post_vertical_padding":"","_kad_post_feature":"","_kad_post_feature_position":"","_kad_post_header":false,"_kad_post_footer":false,"_kad_post_classname":"","footnotes":""},"class_list":["post-628","page","type-page","status-publish","hentry"],"lang":"de","translations":{"de":628,"en":634},"jetpack_sharing_enabled":true,"pll_sync_post":[],"_links":{"self":[{"href":"https:\/\/tierschutzstiftung-boesche.de\/index.php?rest_route=\/wp\/v2\/pages\/628"}],"collection":[{"href":"https:\/\/tierschutzstiftung-boesche.de\/index.php?rest_route=\/wp\/v2\/pages"}],"about":[{"href":"https:\/\/tierschutzstiftung-boesche.de\/index.php?rest_route=\/wp\/v2\/types\/page"}],"author":[{"embeddable":true,"href":"https:\/\/tierschutzstiftung-boesche.de\/index.php?rest_route=\/wp\/v2\/users\/1"}],"replies":[{"embeddable":true,"href":"https:\/\/tierschutzstiftung-boesche.de\/index.php?rest_route=%2Fwp%2Fv2%2Fcomments&post=628"}],"version-history":[{"count":0,"href":"https:\/\/tierschutzstiftung-boesche.de\/index.php?rest_route=\/wp\/v2\/pages\/628\/revisions"}],"wp:attachment":[{"href":"https:\/\/tierschutzstiftung-boesche.de\/index.php?rest_route=%2Fwp%2Fv2%2Fmedia&parent=628"}],"curies":[{"name":"wp","href":"https:\/\/api.w.org\/{rel}","templated":true}]}}

Rettet den Regenwald e.V.: Erhaltung der Intag-Bergnebelwälder in Ecuador

<style>.kb-row-layout-id_84a2f1-4d > .kt-row-column-wrap{align-content:start;}:where(.kb-row-layout-id_84a2f1-4d > .kt-row-column-wrap) > .wp-block-kadence-column{justify-content:start;}.kb-row-layout-id_84a2f1-4d > .kt-row-column-wrap{column-gap:var(--global-kb-gap-md, 2rem);row-gap:var(--global-kb-gap-md, 2rem);padding-top:var(--global-kb-spacing-sm, 1.5rem);padding-bottom:var(--global-kb-spacing-sm, 1.5rem);grid-template-columns:minmax(0, calc(45% - ((var(--global-kb-gap-md, 2rem) * 1 )/2)))minmax(0, calc(55% - ((var(--global-kb-gap-md, 2rem) * 1 )/2)));}.kb-row-layout-id_84a2f1-4d > .kt-row-layout-overlay{opacity:0.30;}@media all and (max-width: 1024px){.kb-row-layout-id_84a2f1-4d > .kt-row-column-wrap{grid-template-columns:repeat(2, minmax(0, 1fr));}}@media all and (max-width: 767px){.kb-row-layout-id_84a2f1-4d > .kt-row-column-wrap{grid-template-columns:minmax(0, 1fr);}}</style><div class="kb-row-layout-wrap kb-row-layout-id_84a2f1-4d alignnone wp-block-kadence-rowlayout"><div class="kt-row-column-wrap kt-has-2-columns kt-row-layout-equal kt-tab-layout-inherit kt-mobile-layout-row kt-row-valign-top">
<style>.kadence-column_b0b962-8e > .kt-inside-inner-col,.kadence-column_b0b962-8e > .kt-inside-inner-col:before{border-top-left-radius:0px;border-top-right-radius:0px;border-bottom-right-radius:0px;border-bottom-left-radius:0px;}.kadence-column_b0b962-8e > .kt-inside-inner-col{column-gap:var(--global-kb-gap-sm, 1rem);}.kadence-column_b0b962-8e > .kt-inside-inner-col{flex-direction:column;}.kadence-column_b0b962-8e > .kt-inside-inner-col > .aligncenter{width:100%;}.kadence-column_b0b962-8e > .kt-inside-inner-col:before{opacity:0.3;}.kadence-column_b0b962-8e{position:relative;}@media all and (max-width: 1024px){.kadence-column_b0b962-8e > .kt-inside-inner-col{flex-direction:column;}}@media all and (max-width: 767px){.kadence-column_b0b962-8e > .kt-inside-inner-col{flex-direction:column;}}</style>
<div class="wp-block-kadence-column kadence-column_b0b962-8e"><div class="kt-inside-inner-col"><div class="wp-block-image">
<figure class="aligncenter size-full is-resized"><img data-recalc-dims="1" loading="lazy" decoding="async" src="https://i0.wp.com/tierschutzstiftung-boesche.de/wp-content/uploads/2023/03/regenwald2.jpg?resize=430%2C323&#038;ssl=1" alt="" class="wp-image-630" width="430" height="323"/></figure></div></div></div>


<style>.kadence-column_d4c152-a4 > .kt-inside-inner-col,.kadence-column_d4c152-a4 > .kt-inside-inner-col:before{border-top-left-radius:0px;border-top-right-radius:0px;border-bottom-right-radius:0px;border-bottom-left-radius:0px;}.kadence-column_d4c152-a4 > .kt-inside-inner-col{column-gap:var(--global-kb-gap-sm, 1rem);}.kadence-column_d4c152-a4 > .kt-inside-inner-col{flex-direction:column;}.kadence-column_d4c152-a4 > .kt-inside-inner-col > .aligncenter{width:100%;}.kadence-column_d4c152-a4 > .kt-inside-inner-col:before{opacity:0.3;}.kadence-column_d4c152-a4{position:relative;}@media all and (max-width: 1024px){.kadence-column_d4c152-a4 > .kt-inside-inner-col{flex-direction:column;}}@media all and (max-width: 767px){.kadence-column_d4c152-a4 > .kt-inside-inner-col{flex-direction:column;}}</style>
<div class="wp-block-kadence-column kadence-column_d4c152-a4"><div class="kt-inside-inner-col">
<p>Die Bergnebelwälder im Intag nördlich von Quito sind von Zerstörung durch Minenkonzerne bedroht, die dort Kupfer und Gold fördern. Mit Spendengeldern wurden bereits mehr als 2000 Hektar Bergwald gekauft, um sie vor Ausbeutung zu retten. Die Grundstücke werden an die Dörfer überschrieben und vertraglich zu Gemeindewäldern erklärt. Gemeinsam übernehmen die Bauern die Verantwortung für den Schutz ihrer Wälder und nachhaltige Formen der Nutzung.</p>
</div></div>

</div></div>

<p>Regenwälder waren auf unserem Planeten ursprünglich mindestens doppelt so weit verbreitet, bedecken heute nur noch etwa zwei Prozent der Erdoberfläche und dienen Millionen von Tier- und Pflanzenarten, von denen die meisten bis heute nicht einmal erforscht wurden, als Lebensraum.</p>

<style>.kb-row-layout-id_3daabf-87 > .kt-row-column-wrap{align-content:start;}:where(.kb-row-layout-id_3daabf-87 > .kt-row-column-wrap) > .wp-block-kadence-column{justify-content:start;}.kb-row-layout-id_3daabf-87 > .kt-row-column-wrap{column-gap:var(--global-kb-gap-md, 2rem);row-gap:var(--global-kb-gap-md, 2rem);padding-top:var(--global-kb-spacing-sm, 1.5rem);padding-bottom:var(--global-kb-spacing-sm, 1.5rem);grid-template-columns:minmax(0, calc(55% - ((var(--global-kb-gap-md, 2rem) * 1 )/2)))minmax(0, calc(45% - ((var(--global-kb-gap-md, 2rem) * 1 )/2)));}.kb-row-layout-id_3daabf-87 > .kt-row-layout-overlay{opacity:0.30;}@media all and (max-width: 1024px){.kb-row-layout-id_3daabf-87 > .kt-row-column-wrap{grid-template-columns:repeat(2, minmax(0, 1fr));}}@media all and (max-width: 767px){.kb-row-layout-id_3daabf-87 > .kt-row-column-wrap{grid-template-columns:minmax(0, 1fr);}}</style><div class="kb-row-layout-wrap kb-row-layout-id_3daabf-87 alignnone wp-block-kadence-rowlayout"><div class="kt-row-column-wrap kt-has-2-columns kt-row-layout-equal kt-tab-layout-inherit kt-mobile-layout-row kt-row-valign-top">
<style>.kadence-column_bc4d69-88 > .kt-inside-inner-col,.kadence-column_bc4d69-88 > .kt-inside-inner-col:before{border-top-left-radius:0px;border-top-right-radius:0px;border-bottom-right-radius:0px;border-bottom-left-radius:0px;}.kadence-column_bc4d69-88 > .kt-inside-inner-col{column-gap:var(--global-kb-gap-sm, 1rem);}.kadence-column_bc4d69-88 > .kt-inside-inner-col{flex-direction:column;}.kadence-column_bc4d69-88 > .kt-inside-inner-col > .aligncenter{width:100%;}.kadence-column_bc4d69-88 > .kt-inside-inner-col:before{opacity:0.3;}.kadence-column_bc4d69-88{position:relative;}@media all and (max-width: 1024px){.kadence-column_bc4d69-88 > .kt-inside-inner-col{flex-direction:column;}}@media all and (max-width: 767px){.kadence-column_bc4d69-88 > .kt-inside-inner-col{flex-direction:column;}}</style>
<div class="wp-block-kadence-column kadence-column_bc4d69-88"><div class="kt-inside-inner-col">
<p>Auch wenn sich Regenwälder auf den verschiedenen Kontinenten in ihrem Artenspektrum, in der Bodenbeschaffenheit oder der Besiedlungsdichte teilweise deutlich voneinander unterscheiden, sind die Hauptursachen ihrer Zerstörung weltweit sehr ähnlich: Brandrodung zur Schaffung landwirtschaftlicher Flächen und Rinderweiden, Umwandlung von Wäldern in Ölpalm-, Bananen- oder Kaffeeplantagen, Ausbeutung von Bodenschätzen wie Eisenerz, Gold, Öl oder Gas, der Bau von Großstaudämmen zur Energiegewinnung und kommerzieller Holzeinschlag sind die wichtigsten Zerstörungsursachen.</p>
</div></div>


<style>.kadence-column_70290a-85 > .kt-inside-inner-col,.kadence-column_70290a-85 > .kt-inside-inner-col:before{border-top-left-radius:0px;border-top-right-radius:0px;border-bottom-right-radius:0px;border-bottom-left-radius:0px;}.kadence-column_70290a-85 > .kt-inside-inner-col{column-gap:var(--global-kb-gap-sm, 1rem);}.kadence-column_70290a-85 > .kt-inside-inner-col{flex-direction:column;}.kadence-column_70290a-85 > .kt-inside-inner-col > .aligncenter{width:100%;}.kadence-column_70290a-85 > .kt-inside-inner-col:before{opacity:0.3;}.kadence-column_70290a-85{position:relative;}@media all and (max-width: 1024px){.kadence-column_70290a-85 > .kt-inside-inner-col{flex-direction:column;}}@media all and (max-width: 767px){.kadence-column_70290a-85 > .kt-inside-inner-col{flex-direction:column;}}</style>
<div class="wp-block-kadence-column kadence-column_70290a-85"><div class="kt-inside-inner-col"><div class="wp-block-image">
<figure class="aligncenter size-full is-resized"><img data-recalc-dims="1" loading="lazy" decoding="async" src="https://i0.wp.com/tierschutzstiftung-boesche.de/wp-content/uploads/2023/03/regenwald_oelteich.jpg?resize=433%2C326&#038;ssl=1" alt="" class="wp-image-632" width="433" height="326"/></figure></div></div></div>

</div></div>

<p>Die 1986 gegründete Organisation „Rettet den Regenwald e.V.“ engagiert sich erfolgreich im internationalen Regenwaldschutz.</p>
<p><a href="http://www.regenwald.org/">Mehr Informationen finden Sie hier.</a></p>

<p>Die Bergnebelwälder im Intag nördlich von Quito sind von Zerstörung durch Minenkonzerne bedroht, die dort Kupfer und Gold fördern. Mit Spendengeldern wurden bereits mehr als 2000 Hektar Bergwald gekauft, um sie vor Ausbeutung zu retten. Die Grundstücke werden an die Dörfer überschrieben und vertraglich zu Gemeindewäldern erklärt. Gemeinsam übernehmen die Bauern die Verantwortung für den&#8230;</p>
