{"id":767,"date":"2023-03-29T15:19:32","date_gmt":"2023-03-29T15:19:32","guid":{"rendered":"https:\/\/tierschutzstiftung-boesche.de\/?page_id=767"},"modified":"2023-03-29T15:19:33","modified_gmt":"2023-03-29T15:19:33","slug":"rettet-die-elefanten-afrikas-e-v-elefantenschutz-in-afrika","status":"publish","type":"page","link":"https:\/\/tierschutzstiftung-boesche.de\/?page_id=767","title":{"rendered":"Rettet die Elefanten Afrikas e.V.: Elefantenschutz in Afrika"},"content":{"rendered":"<p>In Malawi im S\u00fcdosten Afrikas engagiert sich der Verein \u201eRettet die Elefanten Afrikas e.V.\u201c mit Unterst\u00fctzung der Tierschutz-Stiftung Wolfgang B\u00f6sche f\u00fcr den Schutz eines Waldgebietes.<\/p>\n<h6>\u00dcber den Verein Rettet die Elefanten Afrikas e.V. (R.E.A. e.V.)<\/h6>\n\n<style>.kb-row-layout-id_583a1c-ce > .kt-row-column-wrap{align-content:start;}:where(.kb-row-layout-id_583a1c-ce > .kt-row-column-wrap) > .wp-block-kadence-column{justify-content:start;}.kb-row-layout-id_583a1c-ce > .kt-row-column-wrap{column-gap:var(--global-kb-gap-md, 2rem);row-gap:var(--global-kb-gap-md, 2rem);padding-top:var(--global-kb-spacing-sm, 1.5rem);padding-bottom:var(--global-kb-spacing-sm, 1.5rem);grid-template-columns:minmax(0, 1fr);}.kb-row-layout-id_583a1c-ce > .kt-row-layout-overlay{opacity:0.30;}@media all and (max-width: 1024px){.kb-row-layout-id_583a1c-ce > .kt-row-column-wrap{grid-template-columns:minmax(0, 1fr);}}@media all and (max-width: 767px){.kb-row-layout-id_583a1c-ce > .kt-row-column-wrap{grid-template-columns:minmax(0, 1fr);}}<\/style><div class=\"kb-row-layout-wrap kb-row-layout-id_583a1c-ce alignnone wp-block-kadence-rowlayout\"><div class=\"kt-row-column-wrap kt-has-1-columns kt-row-layout-equal kt-tab-layout-inherit kt-mobile-layout-row kt-row-valign-top\">\n<style>.kadence-column_829f50-72 > .kt-inside-inner-col,.kadence-column_829f50-72 > .kt-inside-inner-col:before{border-top-left-radius:0px;border-top-right-radius:0px;border-bottom-right-radius:0px;border-bottom-left-radius:0px;}.kadence-column_829f50-72 > .kt-inside-inner-col{column-gap:var(--global-kb-gap-sm, 1rem);}.kadence-column_829f50-72 > .kt-inside-inner-col{flex-direction:column;}.kadence-column_829f50-72 > .kt-inside-inner-col > .aligncenter{width:100%;}.kadence-column_829f50-72 > .kt-inside-inner-col:before{opacity:0.3;}.kadence-column_829f50-72{position:relative;}@media all and (max-width: 1024px){.kadence-column_829f50-72 > .kt-inside-inner-col{flex-direction:column;}}@media all and (max-width: 767px){.kadence-column_829f50-72 > .kt-inside-inner-col{flex-direction:column;}}<\/style>\n<div class=\"wp-block-kadence-column kadence-column_829f50-72\"><div class=\"kt-inside-inner-col\"><div class=\"wp-block-image\">\n<figure class=\"aligncenter size-full is-resized\"><img data-recalc-dims=\"1\" loading=\"lazy\" decoding=\"async\" src=\"https:\/\/i0.wp.com\/tierschutzstiftung-boesche.de\/wp-content\/uploads\/2023\/03\/elefantenfamilie.jpg?resize=702%2C477&#038;ssl=1\" alt=\"\" class=\"wp-image-768\" width=\"702\" height=\"477\" srcset=\"https:\/\/i0.wp.com\/tierschutzstiftung-boesche.de\/wp-content\/uploads\/2023\/03\/elefantenfamilie.jpg?w=500&amp;ssl=1 500w, https:\/\/i0.wp.com\/tierschutzstiftung-boesche.de\/wp-content\/uploads\/2023\/03\/elefantenfamilie.jpg?resize=300%2C204&amp;ssl=1 300w\" sizes=\"(max-width: 702px) 100vw, 702px\" \/><\/figure><\/div><\/div><\/div>\n\n<\/div><\/div>\n\n<p>Als die Elfenbeinjagd in den Achtziger Jahren ihren H\u00f6hepunkt erreichte, gr\u00fcndete der inzwischen verstorbene Hamburger Verleger und Tiersch\u00fctzer Hans-Helmut R\u00f6hring 1989 den Verein \u201eRettet die Elefanten Afrikas e.V.\u201c als erste und einzige Artenschutzorganisation in Deutschland, die sich ausschlie\u00dflich f\u00fcr den Schutz des Afrikanischen Elefanten einsetzt.<\/p>\n<p>Spontane Unterst\u00fctzung (Spenden, Mitglieds- und Patenschaften) bekam der Verein unmittel- bar nach seiner Gr\u00fcndung von namenhafter Prominenz wie u.a. Johannes Mario Simmel, Tomi Ungerer, Judy Winter und Will Quadflieg.<\/p>\n<p>Der Verein finanziert sich neben Mitglieds- und Patenschaftsbeitr\u00e4gen aus Geld- und Sach-spenden.<\/p>\n<h6>Ziele des Vereins<\/h6>\n<ol>\n<li>Mit Hilfe der Spendengelder werden Elefanten-Schutzprojekte und Anti-Wilderer-Aktionen finanziert.<\/li>\n<li>Intensive Aufkl\u00e4rungsarbeit informiert \u00fcber den Afrikanischen Elefanten und das Problem seiner existentiellen Bedrohung.<\/li>\n<li>Mit der R.E.A. e.V. Aktion \u201eMein Patenkind hei\u00dft Jumbo\u201c wird ein Projekt von Daphne Sheldrick in Kenia (Aufzucht und Auswilderung von Elefanten-Waisen) gef\u00f6rdert und<\/li>\n<li>die Forderung nach einem dauerhaften, weltweiten Elefanten-Boykott wird mit allem Nachdruck unterst\u00fctzt.<\/li>\n<\/ol>\n\n<h6>Die Jagd nach dem \u201eWeissen Gold\u201c<\/h6>\n<p>Obgleich der internationale Elfenbeinhandel nach dem Washingtoner Artenschutz\u00fcberein-kommen seit 2001 mittlerweile in den meisten L\u00e4ndern verboten ist, werden Elefanten weiterhin gewildert, um das Elfenbein vor allem in Japan, Nahost, den USA und Europa zu Schmuck, Klaviertasten usw. anschlie\u00dfend weiter zu verarbeiten.<\/p>\n\n<style>.kb-row-layout-id_045f30-25 > .kt-row-column-wrap{align-content:start;}:where(.kb-row-layout-id_045f30-25 > .kt-row-column-wrap) > .wp-block-kadence-column{justify-content:start;}.kb-row-layout-id_045f30-25 > .kt-row-column-wrap{column-gap:var(--global-kb-gap-md, 2rem);row-gap:var(--global-kb-gap-md, 2rem);padding-top:var(--global-kb-spacing-sm, 1.5rem);padding-bottom:var(--global-kb-spacing-sm, 1.5rem);grid-template-columns:repeat(2, minmax(0, 1fr));}.kb-row-layout-id_045f30-25 > .kt-row-layout-overlay{opacity:0.30;}@media all and (max-width: 1024px){.kb-row-layout-id_045f30-25 > .kt-row-column-wrap{grid-template-columns:repeat(2, minmax(0, 1fr));}}@media all and (max-width: 767px){.kb-row-layout-id_045f30-25 > .kt-row-column-wrap{grid-template-columns:minmax(0, 1fr);}}<\/style><div class=\"kb-row-layout-wrap kb-row-layout-id_045f30-25 alignnone wp-block-kadence-rowlayout\"><div class=\"kt-row-column-wrap kt-has-2-columns kt-row-layout-equal kt-tab-layout-inherit kt-mobile-layout-row kt-row-valign-top\">\n<style>.kadence-column_9dea2b-9c > .kt-inside-inner-col,.kadence-column_9dea2b-9c > .kt-inside-inner-col:before{border-top-left-radius:0px;border-top-right-radius:0px;border-bottom-right-radius:0px;border-bottom-left-radius:0px;}.kadence-column_9dea2b-9c > .kt-inside-inner-col{column-gap:var(--global-kb-gap-sm, 1rem);}.kadence-column_9dea2b-9c > .kt-inside-inner-col{flex-direction:column;}.kadence-column_9dea2b-9c > .kt-inside-inner-col > .aligncenter{width:100%;}.kadence-column_9dea2b-9c > .kt-inside-inner-col:before{opacity:0.3;}.kadence-column_9dea2b-9c{position:relative;}@media all and (max-width: 1024px){.kadence-column_9dea2b-9c > .kt-inside-inner-col{flex-direction:column;}}@media all and (max-width: 767px){.kadence-column_9dea2b-9c > .kt-inside-inner-col{flex-direction:column;}}<\/style>\n<div class=\"wp-block-kadence-column kadence-column_9dea2b-9c\"><div class=\"kt-inside-inner-col\"><div class=\"wp-block-image\">\n<figure class=\"aligncenter size-full\"><img data-recalc-dims=\"1\" loading=\"lazy\" decoding=\"async\" width=\"400\" height=\"585\" src=\"https:\/\/i0.wp.com\/tierschutzstiftung-boesche.de\/wp-content\/uploads\/2023\/03\/elefntstosszaehne.jpg?resize=400%2C585&#038;ssl=1\" alt=\"\" class=\"wp-image-769\" srcset=\"https:\/\/i0.wp.com\/tierschutzstiftung-boesche.de\/wp-content\/uploads\/2023\/03\/elefntstosszaehne.jpg?w=400&amp;ssl=1 400w, https:\/\/i0.wp.com\/tierschutzstiftung-boesche.de\/wp-content\/uploads\/2023\/03\/elefntstosszaehne.jpg?resize=205%2C300&amp;ssl=1 205w\" sizes=\"(max-width: 400px) 100vw, 400px\" \/><figcaption class=\"wp-element-caption\">Elefant mit gro\u00dfen Sto\u00dfz\u00e4hnen<\/figcaption><\/figure><\/div><\/div><\/div>\n\n\n<style>.kadence-column_9fe8c8-17 > .kt-inside-inner-col,.kadence-column_9fe8c8-17 > .kt-inside-inner-col:before{border-top-left-radius:0px;border-top-right-radius:0px;border-bottom-right-radius:0px;border-bottom-left-radius:0px;}.kadence-column_9fe8c8-17 > .kt-inside-inner-col{column-gap:var(--global-kb-gap-sm, 1rem);}.kadence-column_9fe8c8-17 > .kt-inside-inner-col{flex-direction:column;}.kadence-column_9fe8c8-17 > .kt-inside-inner-col > .aligncenter{width:100%;}.kadence-column_9fe8c8-17 > .kt-inside-inner-col:before{opacity:0.3;}.kadence-column_9fe8c8-17{position:relative;}@media all and (max-width: 1024px){.kadence-column_9fe8c8-17 > .kt-inside-inner-col{flex-direction:column;}}@media all and (max-width: 767px){.kadence-column_9fe8c8-17 > .kt-inside-inner-col{flex-direction:column;}}<\/style>\n<div class=\"wp-block-kadence-column kadence-column_9fe8c8-17\"><div class=\"kt-inside-inner-col\"><div class=\"wp-block-image\">\n<figure class=\"aligncenter size-full is-resized\"><img data-recalc-dims=\"1\" loading=\"lazy\" decoding=\"async\" src=\"https:\/\/i0.wp.com\/tierschutzstiftung-boesche.de\/wp-content\/uploads\/2023\/03\/elfenbeinlager.jpg?resize=521%2C587&#038;ssl=1\" alt=\"\" class=\"wp-image-770\" width=\"521\" height=\"587\" srcset=\"https:\/\/i0.wp.com\/tierschutzstiftung-boesche.de\/wp-content\/uploads\/2023\/03\/elfenbeinlager.jpg?w=500&amp;ssl=1 500w, https:\/\/i0.wp.com\/tierschutzstiftung-boesche.de\/wp-content\/uploads\/2023\/03\/elfenbeinlager.jpg?resize=266%2C300&amp;ssl=1 266w\" sizes=\"(max-width: 521px) 100vw, 521px\" \/><figcaption class=\"wp-element-caption\">Elfenbeinlager<\/figcaption><\/figure><\/div><\/div><\/div>\n\n<\/div><\/div>\n\n<p>Nach einer Z\u00e4hlstudie von 2002 sollen auf dem afrikanischen Kontingent noch mindestens 400.000 Elefanten leben. Nicht genug, so die Elefantenforscherin Joyce Poole, die jahrelang das Fortpflanzungsverhalten der Elefanten studierte.<\/p>\n<p>Daf\u00fcr gibt es gute Gr\u00fcnde: Elefanten vermehren sich nur sehr langsam, eine Kuh bringt nur alle 4 bis 5 Jahre ein Kalb zur Welt.<\/p>\n<p>Au\u00dferdem akzeptieren Elefantenk\u00fche l\u00e4ngst nicht alle geschlechtsreifen Bullen als Paarungspartner, sondern nur diejenigen, die mindestens 20 bis 25 Jahre alt sind. Und genau diese Bullen werden vermehrt geschossen, da sie aufgrund ihres Alters die gr\u00f6\u00dften Sto\u00dfz\u00e4hne tragen.<\/p>\n<p>Durch den Abschu\u00df von Elefantenk\u00fchen sind andererseits aber auch viele der j\u00fcngsten Herdenmitglieder zum Tode verurteilt: Elefantenbabys unter 2 Jahren k\u00f6nnen ohne ihre Mutter nicht \u00fcberleben.<\/p>\n<p>Ein Elfenbeinboykott, der die Wilderei nur kurzfristig eind\u00e4mmt, ist daher ohne Nutzen.<\/p>\n<h6>Das Waldschutzprojekt in Dezda-Salima (Malawi)<\/h6>\n<p>Die Wilderei in Malawi geh\u00f6rt leider auch heute noch zur Tagesordnung.<\/p>\n<p>Bei dem Projekt \u201eDezda-Salima Forest Reserve\u201c handelt es sich um den Schutz eines Waldgebietes und damit auch den Schutz der dort lebenden Elefanten und anderen Tierarten in Malawi.<\/p>\n<p>Dieses Gebiet grenzt s\u00fcd-\u00f6stlich an das Waldgebiet \u201eThuma Forest Reservat\u201c an, welches bereits durch die Wildlife Action Group (WAG) besch\u00fctzt und vom R.E.A. e.V. als Artenschutzorganisation finanziert wird.<\/p>\n\n<style>.kb-row-layout-id_1d5dd6-1f > .kt-row-column-wrap{align-content:start;}:where(.kb-row-layout-id_1d5dd6-1f > .kt-row-column-wrap) > .wp-block-kadence-column{justify-content:start;}.kb-row-layout-id_1d5dd6-1f > .kt-row-column-wrap{column-gap:var(--global-kb-gap-md, 2rem);row-gap:var(--global-kb-gap-md, 2rem);padding-top:var(--global-kb-spacing-sm, 1.5rem);padding-bottom:var(--global-kb-spacing-sm, 1.5rem);grid-template-columns:minmax(0, 1fr);}.kb-row-layout-id_1d5dd6-1f > .kt-row-layout-overlay{opacity:0.30;}@media all and (max-width: 1024px){.kb-row-layout-id_1d5dd6-1f > .kt-row-column-wrap{grid-template-columns:minmax(0, 1fr);}}@media all and (max-width: 767px){.kb-row-layout-id_1d5dd6-1f > .kt-row-column-wrap{grid-template-columns:minmax(0, 1fr);}}<\/style><div class=\"kb-row-layout-wrap kb-row-layout-id_1d5dd6-1f alignnone wp-block-kadence-rowlayout\"><div class=\"kt-row-column-wrap kt-has-1-columns kt-row-layout-equal kt-tab-layout-inherit kt-mobile-layout-row kt-row-valign-top\">\n<style>.kadence-column_8bf053-4b > .kt-inside-inner-col,.kadence-column_8bf053-4b > .kt-inside-inner-col:before{border-top-left-radius:0px;border-top-right-radius:0px;border-bottom-right-radius:0px;border-bottom-left-radius:0px;}.kadence-column_8bf053-4b > .kt-inside-inner-col{column-gap:var(--global-kb-gap-sm, 1rem);}.kadence-column_8bf053-4b > .kt-inside-inner-col{flex-direction:column;}.kadence-column_8bf053-4b > .kt-inside-inner-col > .aligncenter{width:100%;}.kadence-column_8bf053-4b > .kt-inside-inner-col:before{opacity:0.3;}.kadence-column_8bf053-4b{position:relative;}@media all and (max-width: 1024px){.kadence-column_8bf053-4b > .kt-inside-inner-col{flex-direction:column;}}@media all and (max-width: 767px){.kadence-column_8bf053-4b > .kt-inside-inner-col{flex-direction:column;}}<\/style>\n<div class=\"wp-block-kadence-column kadence-column_8bf053-4b\"><div class=\"kt-inside-inner-col\"><div class=\"wp-block-image\">\n<figure class=\"aligncenter size-full is-resized\"><img data-recalc-dims=\"1\" loading=\"lazy\" decoding=\"async\" src=\"https:\/\/i0.wp.com\/tierschutzstiftung-boesche.de\/wp-content\/uploads\/2023\/03\/landkarte.jpg?resize=845%2C694&#038;ssl=1\" alt=\"\" class=\"wp-image-771\" width=\"845\" height=\"694\" srcset=\"https:\/\/i0.wp.com\/tierschutzstiftung-boesche.de\/wp-content\/uploads\/2023\/03\/landkarte.jpg?w=776&amp;ssl=1 776w, https:\/\/i0.wp.com\/tierschutzstiftung-boesche.de\/wp-content\/uploads\/2023\/03\/landkarte.jpg?resize=300%2C246&amp;ssl=1 300w, https:\/\/i0.wp.com\/tierschutzstiftung-boesche.de\/wp-content\/uploads\/2023\/03\/landkarte.jpg?resize=768%2C630&amp;ssl=1 768w\" sizes=\"(max-width: 845px) 100vw, 845px\" \/><\/figure><\/div><\/div><\/div>\n\n<\/div><\/div>\n\n<p>Die WAG ist eine nicht-staatliche, gemeinn\u00fctzige Organisation in Malawi seit 1994.<\/p>\n<p>Die wesentlichen Aufgaben dieser Organisation bestehen in dem Schutz der malawischen Flora und Fauna sowie den dort lebenden Tieren in Zusammenarbeit mit der umliegenden Bev\u00f6lkerung.<\/p>\n<p>WAG unterst\u00fctzt die Regierung Malawis im Schutz von Nationalparks, der Tierwelt und Baumbest\u00e4nden.<\/p>\n\n<style>.kb-row-layout-id_d7516e-ca > .kt-row-column-wrap{align-content:start;}:where(.kb-row-layout-id_d7516e-ca > .kt-row-column-wrap) > .wp-block-kadence-column{justify-content:start;}.kb-row-layout-id_d7516e-ca > .kt-row-column-wrap{column-gap:var(--global-kb-gap-md, 2rem);row-gap:var(--global-kb-gap-md, 2rem);padding-top:var(--global-kb-spacing-sm, 1.5rem);padding-bottom:var(--global-kb-spacing-sm, 1.5rem);grid-template-columns:minmax(0, 2fr) minmax(0, 1fr);}.kb-row-layout-id_d7516e-ca > .kt-row-layout-overlay{opacity:0.30;}@media all and (max-width: 1024px){.kb-row-layout-id_d7516e-ca > .kt-row-column-wrap{grid-template-columns:repeat(2, minmax(0, 1fr));}}@media all and (max-width: 767px){.kb-row-layout-id_d7516e-ca > .kt-row-column-wrap{grid-template-columns:minmax(0, 1fr);}}<\/style><div class=\"kb-row-layout-wrap kb-row-layout-id_d7516e-ca alignnone wp-block-kadence-rowlayout\"><div class=\"kt-row-column-wrap kt-has-2-columns kt-row-layout-left-golden kt-tab-layout-inherit kt-mobile-layout-row kt-row-valign-top\">\n<style>.kadence-column_ecac46-e4 > .kt-inside-inner-col,.kadence-column_ecac46-e4 > .kt-inside-inner-col:before{border-top-left-radius:0px;border-top-right-radius:0px;border-bottom-right-radius:0px;border-bottom-left-radius:0px;}.kadence-column_ecac46-e4 > .kt-inside-inner-col{column-gap:var(--global-kb-gap-sm, 1rem);}.kadence-column_ecac46-e4 > .kt-inside-inner-col{flex-direction:column;}.kadence-column_ecac46-e4 > .kt-inside-inner-col > .aligncenter{width:100%;}.kadence-column_ecac46-e4 > .kt-inside-inner-col:before{opacity:0.3;}.kadence-column_ecac46-e4{position:relative;}@media all and (max-width: 1024px){.kadence-column_ecac46-e4 > .kt-inside-inner-col{flex-direction:column;}}@media all and (max-width: 767px){.kadence-column_ecac46-e4 > .kt-inside-inner-col{flex-direction:column;}}<\/style>\n<div class=\"wp-block-kadence-column kadence-column_ecac46-e4\"><div class=\"kt-inside-inner-col\">\n<p>Die Gr\u00f6\u00dfe des Waldgebietes von Thuma alleine reicht jedoch nicht aus, um die gr\u00f6\u00dfere Anzahl der dort lebenden Elefanten zu beherbergen, so dass es notwendig ist, das Dedza-Gebiet zus\u00e4tzlich mit einzuschlie\u00dfen.<\/p>\n<p>Beide Gebiete umfassen nach Zusammenlegung einen Lebensraum von ca. 600 km\u00b2.<\/p>\n<p>Somit kann ein Bestand von ca. 200 bis 250 Elefanten gesichert werden.<\/p>\n<p>Zu den Aufgaben bei der Durchf\u00fchrung des Dedza-Projektes, das in mehreren, zeitlich aufeinander folgenden Schritten realisiert wird, geh\u00f6ren<\/p>\n<ol>\n<li>die Einrichtung einer permanenten Pr\u00e4senz von WAG in Dedza<\/li>\n<li>die Verst\u00e4rkung der Gebietskontrollen durch 4 Scouts und 2 Arbeiter<\/li>\n<li>die Ausr\u00fcstung der neuen Scouts mit Uniformen und anderer, notwendiger Ausr\u00fcstung<\/li>\n<li>die Versorgung von WAG mit laufenden, finanziellen Mitteln f\u00fcr den Fuhrpark und<\/li>\n<li>die Organisation von gemeinsamen Patrouillen zwischen WAG- Scouts und bewaffneten Rangern der Regierung<\/li>\n<\/ol>\n<\/div><\/div>\n\n\n<style>.kadence-column_ae5ec3-1d > .kt-inside-inner-col,.kadence-column_ae5ec3-1d > .kt-inside-inner-col:before{border-top-left-radius:0px;border-top-right-radius:0px;border-bottom-right-radius:0px;border-bottom-left-radius:0px;}.kadence-column_ae5ec3-1d > .kt-inside-inner-col{column-gap:var(--global-kb-gap-sm, 1rem);}.kadence-column_ae5ec3-1d > .kt-inside-inner-col{flex-direction:column;}.kadence-column_ae5ec3-1d > .kt-inside-inner-col > .aligncenter{width:100%;}.kadence-column_ae5ec3-1d > .kt-inside-inner-col:before{opacity:0.3;}.kadence-column_ae5ec3-1d{position:relative;}@media all and (max-width: 1024px){.kadence-column_ae5ec3-1d > .kt-inside-inner-col{flex-direction:column;}}@media all and (max-width: 767px){.kadence-column_ae5ec3-1d > .kt-inside-inner-col{flex-direction:column;}}<\/style>\n<div class=\"wp-block-kadence-column kadence-column_ae5ec3-1d\"><div class=\"kt-inside-inner-col\">\n\n\n<figure class=\"wp-block-image size-full\"><img data-recalc-dims=\"1\" loading=\"lazy\" decoding=\"async\" width=\"600\" height=\"369\" src=\"https:\/\/i0.wp.com\/tierschutzstiftung-boesche.de\/wp-content\/uploads\/2023\/03\/rangers.jpg?resize=600%2C369&#038;ssl=1\" alt=\"\" class=\"wp-image-772\" srcset=\"https:\/\/i0.wp.com\/tierschutzstiftung-boesche.de\/wp-content\/uploads\/2023\/03\/rangers.jpg?w=600&amp;ssl=1 600w, https:\/\/i0.wp.com\/tierschutzstiftung-boesche.de\/wp-content\/uploads\/2023\/03\/rangers.jpg?resize=300%2C185&amp;ssl=1 300w\" sizes=\"(max-width: 600px) 100vw, 600px\" \/><\/figure>\n\n\n\n<p style=\"text-align: center;\">REAeV Gr\u00fcnder Hans-Helmut R\u00f6hring (1939-2004, r.) mit den Elefanten-Experten Elke Reif und Peter M\u00f6ller bei Rangern im Kidepo-Valley-Nationalpark \/ Uganda<\/p>\n<\/div><\/div>\n\n<\/div><\/div>\n\n<h6>Wie die Tierschutz-Stiftung Wolfgang B\u00f6sche hilft<\/h6>\n<p>In der Vorbereitungsphase wurde bereits ein geeigneter Platz f\u00fcr die Errichtung eines neuen Basis-Camp, von dem aus alle Aktivit\u00e4ten geleitet werden, gefunden.<\/p>\n<p>Die Kosten hierf\u00fcr hat die Tierschutz-Stiftung komplett \u00fcbernommen.<\/p>\n<p>Die Homepage vom Verein \u201eRettet die Elefanten Afrikas e.V. (<a href=\"http:\/\/www.reaev.de\" target=\"_blank\" rel=\"noopener noreferrer\">www.reaev.de<\/a>) wird \u00fcber das Dezda-Sailma Projekt, dass von Herrn Albert Schenk (Projektmanager vor Ort), der gleichzeitig f\u00fcr die WAG arbeitet und die Gelder verwaltet, laufend berichten.<\/p>\n<p><em>Fotos: Rettet die Elefanten e. V.<\/em><\/p>","protected":false},"excerpt":{"rendered":"<p>In Malawi im S\u00fcdosten Afrikas engagiert sich der Verein \u201eRettet die Elefanten Afrikas e.V.\u201c mit Unterst\u00fctzung der Tierschutz-Stiftung Wolfgang B\u00f6sche f\u00fcr den Schutz eines Waldgebietes. \u00dcber den Verein Rettet die Elefanten Afrikas e.V. (R.E.A. e.V.) Als die Elfenbeinjagd in den Achtziger Jahren ihren H\u00f6hepunkt erreichte, gr\u00fcndete der inzwischen verstorbene Hamburger Verleger und Tiersch\u00fctzer Hans-Helmut R\u00f6hring&#8230;<\/p>\n","protected":false},"author":1,"featured_media":0,"parent":0,"menu_order":0,"comment_status":"closed","ping_status":"closed","template":"","meta":{"_kadence_starter_templates_imported_post":false,"_kad_post_transparent":"","_kad_post_title":"","_kad_post_layout":"","_kad_post_sidebar_id":"","_kad_post_content_style":"","_kad_post_vertical_padding":"","_kad_post_feature":"","_kad_post_feature_position":"","_kad_post_header":false,"_kad_post_footer":false,"_kad_post_classname":"","footnotes":""},"class_list":["post-767","page","type-page","status-publish","hentry"],"lang":"de","translations":{"de":767,"en":775},"jetpack_sharing_enabled":true,"pll_sync_post":[],"_links":{"self":[{"href":"https:\/\/tierschutzstiftung-boesche.de\/index.php?rest_route=\/wp\/v2\/pages\/767"}],"collection":[{"href":"https:\/\/tierschutzstiftung-boesche.de\/index.php?rest_route=\/wp\/v2\/pages"}],"about":[{"href":"https:\/\/tierschutzstiftung-boesche.de\/index.php?rest_route=\/wp\/v2\/types\/page"}],"author":[{"embeddable":true,"href":"https:\/\/tierschutzstiftung-boesche.de\/index.php?rest_route=\/wp\/v2\/users\/1"}],"replies":[{"embeddable":true,"href":"https:\/\/tierschutzstiftung-boesche.de\/index.php?rest_route=%2Fwp%2Fv2%2Fcomments&post=767"}],"version-history":[{"count":0,"href":"https:\/\/tierschutzstiftung-boesche.de\/index.php?rest_route=\/wp\/v2\/pages\/767\/revisions"}],"wp:attachment":[{"href":"https:\/\/tierschutzstiftung-boesche.de\/index.php?rest_route=%2Fwp%2Fv2%2Fmedia&parent=767"}],"curies":[{"name":"wp","href":"https:\/\/api.w.org\/{rel}","templated":true}]}}