{"id":809,"date":"2023-03-29T16:21:19","date_gmt":"2023-03-29T16:21:19","guid":{"rendered":"https:\/\/tierschutzstiftung-boesche.de\/?page_id=809"},"modified":"2023-03-29T16:21:21","modified_gmt":"2023-03-29T16:21:21","slug":"harnas-wildlife-foundation-harnas-lion-leopard-und-cheetah-farm-in-namibia","status":"publish","type":"page","link":"https:\/\/tierschutzstiftung-boesche.de\/?page_id=809","title":{"rendered":"Harnas Wildlife Foundation: Harnas Lion, Leopard und Cheetah Farm in Namibia"},"content":{"rendered":"<p>Die Harnas Lion, Leopard and Cheetah Farm in Gobabis \/ Namibia ist eines der wenigen Wildtier-Waisenh\u00e4user und Versorgungszentren der Welt. Mehr als 200 in Not geratene wilde Tiere, darunter L\u00f6wen, Leoparden, Geparde, Wildhunde und selbst kleinste Erdm\u00e4nnchen haben ebenso wie Pavianbabys haben hier bereits liebevolle Pflege gefunden.<\/p>\n\n<style>.kb-row-layout-id_3afd9e-55 > .kt-row-column-wrap{align-content:start;}:where(.kb-row-layout-id_3afd9e-55 > .kt-row-column-wrap) > .wp-block-kadence-column{justify-content:start;}.kb-row-layout-id_3afd9e-55 > .kt-row-column-wrap{column-gap:var(--global-kb-gap-md, 2rem);row-gap:var(--global-kb-gap-md, 2rem);padding-top:var(--global-kb-spacing-sm, 1.5rem);padding-bottom:var(--global-kb-spacing-sm, 1.5rem);grid-template-columns:minmax(0, calc(45% - ((var(--global-kb-gap-md, 2rem) * 1 )\/2)))minmax(0, calc(55% - ((var(--global-kb-gap-md, 2rem) * 1 )\/2)));}.kb-row-layout-id_3afd9e-55 > .kt-row-layout-overlay{opacity:0.30;}@media all and (max-width: 1024px){.kb-row-layout-id_3afd9e-55 > .kt-row-column-wrap{grid-template-columns:repeat(2, minmax(0, 1fr));}}@media all and (max-width: 767px){.kb-row-layout-id_3afd9e-55 > .kt-row-column-wrap{grid-template-columns:minmax(0, 1fr);}}<\/style><div class=\"kb-row-layout-wrap kb-row-layout-id_3afd9e-55 alignnone wp-block-kadence-rowlayout\"><div class=\"kt-row-column-wrap kt-has-2-columns kt-row-layout-equal kt-tab-layout-inherit kt-mobile-layout-row kt-row-valign-top\">\n<style>.kadence-column_9d73a4-aa > .kt-inside-inner-col,.kadence-column_9d73a4-aa > .kt-inside-inner-col:before{border-top-left-radius:0px;border-top-right-radius:0px;border-bottom-right-radius:0px;border-bottom-left-radius:0px;}.kadence-column_9d73a4-aa > .kt-inside-inner-col{column-gap:var(--global-kb-gap-sm, 1rem);}.kadence-column_9d73a4-aa > .kt-inside-inner-col{flex-direction:column;}.kadence-column_9d73a4-aa > .kt-inside-inner-col > .aligncenter{width:100%;}.kadence-column_9d73a4-aa > .kt-inside-inner-col:before{opacity:0.3;}.kadence-column_9d73a4-aa{position:relative;}@media all and (max-width: 1024px){.kadence-column_9d73a4-aa > .kt-inside-inner-col{flex-direction:column;}}@media all and (max-width: 767px){.kadence-column_9d73a4-aa > .kt-inside-inner-col{flex-direction:column;}}<\/style>\n<div class=\"wp-block-kadence-column kadence-column_9d73a4-aa\"><div class=\"kt-inside-inner-col\"><div class=\"wp-block-image\">\n<figure class=\"aligncenter size-full is-resized\"><img data-recalc-dims=\"1\" loading=\"lazy\" decoding=\"async\" src=\"https:\/\/i0.wp.com\/tierschutzstiftung-boesche.de\/wp-content\/uploads\/2023\/03\/harnas_leopard.jpg?resize=354%2C465&#038;ssl=1\" alt=\"\" class=\"wp-image-810\" width=\"354\" height=\"465\" srcset=\"https:\/\/i0.wp.com\/tierschutzstiftung-boesche.de\/wp-content\/uploads\/2023\/03\/harnas_leopard.jpg?w=239&amp;ssl=1 239w, https:\/\/i0.wp.com\/tierschutzstiftung-boesche.de\/wp-content\/uploads\/2023\/03\/harnas_leopard.jpg?resize=228%2C300&amp;ssl=1 228w\" sizes=\"(max-width: 354px) 100vw, 354px\" \/><\/figure><\/div><\/div><\/div>\n\n\n<style>.kadence-column_95c41d-3d > .kt-inside-inner-col,.kadence-column_95c41d-3d > .kt-inside-inner-col:before{border-top-left-radius:0px;border-top-right-radius:0px;border-bottom-right-radius:0px;border-bottom-left-radius:0px;}.kadence-column_95c41d-3d > .kt-inside-inner-col{column-gap:var(--global-kb-gap-sm, 1rem);}.kadence-column_95c41d-3d > .kt-inside-inner-col{flex-direction:column;}.kadence-column_95c41d-3d > .kt-inside-inner-col > .aligncenter{width:100%;}.kadence-column_95c41d-3d > .kt-inside-inner-col:before{opacity:0.3;}.kadence-column_95c41d-3d{position:relative;}@media all and (max-width: 1024px){.kadence-column_95c41d-3d > .kt-inside-inner-col{flex-direction:column;}}@media all and (max-width: 767px){.kadence-column_95c41d-3d > .kt-inside-inner-col{flex-direction:column;}}<\/style>\n<div class=\"wp-block-kadence-column kadence-column_95c41d-3d\"><div class=\"kt-inside-inner-col\">\n<p>\u00a0<\/p>\n<p>Die Familie van der Merwe hat in Namibia drei Generationen lang Rinderhaltung betrieben und ist seit \u00fcber 25 Jahren mit der Pflege, Rehabilitation und Haltung von verwaisten und misshandelten Wildtieren vertraut.<\/p>\n<p>\u00c4rmliche \u00f6konomische Umst\u00e4nde in der Region kombiniert mit unzul\u00e4nglicher Strafverfolgung f\u00fchren zu wahlloser Wilderei von Wildtieren, meist wegen des Fleisches und der H\u00e4ute. Der internationale Handel mit Tierfellen und die Troph\u00e4enjagd tragen sicher auch ihren Teil zur Dezimierung unserer Wildtiere bei.<\/p>\n<\/div><\/div>\n\n<\/div><\/div>\n\n<style>.kb-row-layout-id_fdc43a-f6 > .kt-row-column-wrap{align-content:start;}:where(.kb-row-layout-id_fdc43a-f6 > .kt-row-column-wrap) > .wp-block-kadence-column{justify-content:start;}.kb-row-layout-id_fdc43a-f6 > .kt-row-column-wrap{column-gap:var(--global-kb-gap-md, 2rem);row-gap:var(--global-kb-gap-md, 2rem);padding-top:var(--global-kb-spacing-sm, 1.5rem);padding-bottom:var(--global-kb-spacing-sm, 1.5rem);grid-template-columns:repeat(2, minmax(0, 1fr));}.kb-row-layout-id_fdc43a-f6 > .kt-row-layout-overlay{opacity:0.30;}@media all and (max-width: 1024px){.kb-row-layout-id_fdc43a-f6 > .kt-row-column-wrap{grid-template-columns:repeat(2, minmax(0, 1fr));}}@media all and (max-width: 767px){.kb-row-layout-id_fdc43a-f6 > .kt-row-column-wrap{grid-template-columns:minmax(0, 1fr);}}<\/style><div class=\"kb-row-layout-wrap kb-row-layout-id_fdc43a-f6 alignnone wp-block-kadence-rowlayout\"><div class=\"kt-row-column-wrap kt-has-2-columns kt-row-layout-equal kt-tab-layout-inherit kt-mobile-layout-row kt-row-valign-top\">\n<style>.kadence-column_7f8826-69 > .kt-inside-inner-col,.kadence-column_7f8826-69 > .kt-inside-inner-col:before{border-top-left-radius:0px;border-top-right-radius:0px;border-bottom-right-radius:0px;border-bottom-left-radius:0px;}.kadence-column_7f8826-69 > .kt-inside-inner-col{column-gap:var(--global-kb-gap-sm, 1rem);}.kadence-column_7f8826-69 > .kt-inside-inner-col{flex-direction:column;}.kadence-column_7f8826-69 > .kt-inside-inner-col > .aligncenter{width:100%;}.kadence-column_7f8826-69 > .kt-inside-inner-col:before{opacity:0.3;}.kadence-column_7f8826-69{position:relative;}@media all and (max-width: 1024px){.kadence-column_7f8826-69 > .kt-inside-inner-col{flex-direction:column;}}@media all and (max-width: 767px){.kadence-column_7f8826-69 > .kt-inside-inner-col{flex-direction:column;}}<\/style>\n<div class=\"wp-block-kadence-column kadence-column_7f8826-69\"><div class=\"kt-inside-inner-col\">\n<p>\u201eHarnas Wildlife Foundation e.V., Deutschland\u201c wurde im Jahr 2000 gegr\u00fcndet und wirbt als internationaler Ansprechpartner f\u00fcr die Unterst\u00fctzung dieses Tierschutz-Projekts.<\/p>\n<p><a href=\"http:\/\/www.harnas.org\/\" target=\"_blank\" rel=\"noopener noreferrer\">Mehr Informationen finden Sie hier.<\/a><\/p>\n<\/div><\/div>\n\n\n<style>.kadence-column_078ee1-33 > .kt-inside-inner-col,.kadence-column_078ee1-33 > .kt-inside-inner-col:before{border-top-left-radius:0px;border-top-right-radius:0px;border-bottom-right-radius:0px;border-bottom-left-radius:0px;}.kadence-column_078ee1-33 > .kt-inside-inner-col{column-gap:var(--global-kb-gap-sm, 1rem);}.kadence-column_078ee1-33 > .kt-inside-inner-col{flex-direction:column;}.kadence-column_078ee1-33 > .kt-inside-inner-col > .aligncenter{width:100%;}.kadence-column_078ee1-33 > .kt-inside-inner-col:before{opacity:0.3;}.kadence-column_078ee1-33{position:relative;}@media all and (max-width: 1024px){.kadence-column_078ee1-33 > .kt-inside-inner-col{flex-direction:column;}}@media all and (max-width: 767px){.kadence-column_078ee1-33 > .kt-inside-inner-col{flex-direction:column;}}<\/style>\n<div class=\"wp-block-kadence-column kadence-column_078ee1-33\"><div class=\"kt-inside-inner-col\"><div class=\"wp-block-image\">\n<figure class=\"aligncenter size-full is-resized\"><img data-recalc-dims=\"1\" loading=\"lazy\" decoding=\"async\" src=\"https:\/\/i0.wp.com\/tierschutzstiftung-boesche.de\/wp-content\/uploads\/2023\/03\/harnas_kudu2.jpg?resize=360%2C312&#038;ssl=1\" alt=\"\" class=\"wp-image-811\" width=\"360\" height=\"312\"\/><\/figure><\/div><\/div><\/div>\n\n<\/div><\/div>","protected":false},"excerpt":{"rendered":"<p>Die Harnas Lion, Leopard and Cheetah Farm in Gobabis \/ Namibia ist eines der wenigen Wildtier-Waisenh\u00e4user und Versorgungszentren der Welt. Mehr als 200 in Not geratene wilde Tiere, darunter L\u00f6wen, Leoparden, Geparde, Wildhunde und selbst kleinste Erdm\u00e4nnchen haben ebenso wie Pavianbabys haben hier bereits liebevolle Pflege gefunden. \u00a0 Die Familie van der Merwe hat in&#8230;<\/p>\n","protected":false},"author":1,"featured_media":0,"parent":0,"menu_order":0,"comment_status":"closed","ping_status":"closed","template":"","meta":{"_kadence_starter_templates_imported_post":false,"_kad_post_transparent":"","_kad_post_title":"","_kad_post_layout":"","_kad_post_sidebar_id":"","_kad_post_content_style":"","_kad_post_vertical_padding":"","_kad_post_feature":"","_kad_post_feature_position":"","_kad_post_header":false,"_kad_post_footer":false,"_kad_post_classname":"","footnotes":""},"class_list":["post-809","page","type-page","status-publish","hentry"],"lang":"de","translations":{"de":809,"en":813},"jetpack_sharing_enabled":true,"pll_sync_post":[],"_links":{"self":[{"href":"https:\/\/tierschutzstiftung-boesche.de\/index.php?rest_route=\/wp\/v2\/pages\/809"}],"collection":[{"href":"https:\/\/tierschutzstiftung-boesche.de\/index.php?rest_route=\/wp\/v2\/pages"}],"about":[{"href":"https:\/\/tierschutzstiftung-boesche.de\/index.php?rest_route=\/wp\/v2\/types\/page"}],"author":[{"embeddable":true,"href":"https:\/\/tierschutzstiftung-boesche.de\/index.php?rest_route=\/wp\/v2\/users\/1"}],"replies":[{"embeddable":true,"href":"https:\/\/tierschutzstiftung-boesche.de\/index.php?rest_route=%2Fwp%2Fv2%2Fcomments&post=809"}],"version-history":[{"count":0,"href":"https:\/\/tierschutzstiftung-boesche.de\/index.php?rest_route=\/wp\/v2\/pages\/809\/revisions"}],"wp:attachment":[{"href":"https:\/\/tierschutzstiftung-boesche.de\/index.php?rest_route=%2Fwp%2Fv2%2Fmedia&parent=809"}],"curies":[{"name":"wp","href":"https:\/\/api.w.org\/{rel}","templated":true}]}}